CRAN Package Check Results for Package ECoL

Last updated on 2020-04-25 01:53:00 CEST.

Flavor Version Tinstall Tcheck Ttotal Status Flags
r-devel-linux-x86_64-debian-clang 0.3.0 3.58 45.63 49.21 OK
r-devel-linux-x86_64-debian-gcc 0.3.0 2.57 34.80 37.37 OK
r-devel-linux-x86_64-fedora-clang 0.3.0 57.71 OK
r-devel-linux-x86_64-fedora-gcc 0.3.0 58.04 OK
r-devel-windows-ix86+x86_64 0.3.0 8.00 83.00 91.00 OK
r-patched-linux-x86_64 0.3.0 2.98 44.28 47.26 OK
r-patched-osx-x86_64 0.3.0 OK
r-patched-solaris-x86 0.3.0 80.00 OK
r-release-linux-x86_64 0.3.0 2.88 40.84 43.72 OK
r-release-windows-ix86+x86_64 0.3.0 7.00 81.00 88.00 OK
r-release-osx-x86_64 0.3.0 OK
r-oldrel-windows-ix86+x86_64 0.3.0 3.00 53.00 56.00 ERROR
r-oldrel-osx-x86_64 0.3.0 ERROR

Check Details

Version: 0.3.0
Check: tests
Result: ERROR
     Running 'testthat.R' [14s]
    Running the tests in 'tests/testthat.R' failed.
    Complete output:
     > library(testthat)
     > library(ECoL)
     >
     > test_check("ECoL")
     -- 1. Failure: multiclass.result (@test_linearity.R#13) -----------------------
     as.numeric(aux$L3) not equal to 0.01.
     1/1 mismatches
     [1] 0.00667 - 0.01 == -0.00333
    
     -- 2. Failure: multiclass.result (@test_neighborhood.R#16) --------------------
     as.numeric(aux$N4) not equal to 0.00666667.
     1/1 mismatches
     [1] 0.0133 - 0.00667 == 0.00667
    
     == testthat results ===========================================================
     [ OK: 97 | SKIPPED: 0 | WARNINGS: 0 | FAILED: 2 ]
     1. Failure: multiclass.result (@test_linearity.R#13)
     2. Failure: multiclass.result (@test_neighborhood.R#16)
    
     Error: testthat unit tests failed
     Execution halted
Flavor: r-oldrel-windows-ix86+x86_64

Version: 0.3.0
Check: tests
Result: ERROR
     Running ‘testthat.R’ [11s/11s]
    Running the tests in ‘tests/testthat.R’ failed.
    Last 13 lines of output:
     1/1 mismatches
     [1] 0.00667 - 0.01 == -0.00333
    
     ── 2. Failure: multiclass.result (@test_neighborhood.R#16) ────────────────────
     as.numeric(aux$N4) not equal to 0.00666667.
     1/1 mismatches
     [1] 0.0133 - 0.00667 == 0.00667
    
     ══ testthat results ═══════════════════════════════════════════════════════════
     [ OK: 97 | SKIPPED: 0 | WARNINGS: 0 | FAILED: 2 ]
     1. Failure: multiclass.result (@test_linearity.R#13)
     2. Failure: multiclass.result (@test_neighborhood.R#16)
    
     Error: testthat unit tests failed
     Execution halted
Flavor: r-oldrel-osx-x86_64