CRAN Package Check Results for Package DiffusionRjgqd

Last updated on 2020-04-25 01:52:59 CEST.

Flavor Version Tinstall Tcheck Ttotal Status Flags
r-devel-linux-x86_64-debian-clang 0.1.1 44.71 166.75 211.46 OK
r-devel-linux-x86_64-debian-gcc 0.1.1 32.57 125.46 158.03 OK
r-devel-linux-x86_64-fedora-clang 0.1.1 262.81 NOTE
r-devel-linux-x86_64-fedora-gcc 0.1.1 258.82 NOTE
r-devel-windows-ix86+x86_64 0.1.1 48.00 9.00 57.00 ERROR
r-patched-linux-x86_64 0.1.1 36.33 164.49 200.82 OK
r-patched-osx-x86_64 0.1.1 WARN
r-patched-solaris-x86 0.1.1 377.10 NOTE
r-release-linux-x86_64 0.1.1 35.15 156.15 191.30 OK
r-release-windows-ix86+x86_64 0.1.1 102.00 279.00 381.00 NOTE
r-release-osx-x86_64 0.1.1 WARN
r-oldrel-windows-ix86+x86_64 0.1.1 60.00 205.00 265.00 NOTE
r-oldrel-osx-x86_64 0.1.1 NOTE

Check Details

Version: 0.1.1
Check: installed package size
Result: NOTE
     installed size is 7.1Mb
     sub-directories of 1Mb or more:
     doc 5.6Mb
Flavors: r-devel-linux-x86_64-fedora-clang, r-patched-osx-x86_64, r-patched-solaris-x86, r-release-windows-ix86+x86_64, r-release-osx-x86_64, r-oldrel-windows-ix86+x86_64, r-oldrel-osx-x86_64

Version: 0.1.1
Check: compiled code
Result: NOTE
    File ‘DiffusionRjgqd/libs/DiffusionRjgqd.so’:
     Found no calls to: ‘R_registerRoutines’, ‘R_useDynamicSymbols’
    
    It is good practice to register native routines and to disable symbol
    search.
    
    See ‘Writing portable packages’ in the ‘Writing R Extensions’ manual.
Flavors: r-devel-linux-x86_64-fedora-clang, r-devel-linux-x86_64-fedora-gcc

Version: 0.1.1
Check: whether package can be installed
Result: ERROR
    Installation failed.
Flavor: r-devel-windows-ix86+x86_64

Version: 0.1.1
Check: re-building of vignette outputs
Result: WARN
    Error(s) in re-building vignettes:
    --- re-building ‘Part_1_Introduction.Rmd’ using rmarkdown
    dyld: lazy symbol binding failed: Symbol not found: ____chkstk_darwin
     Referenced from: /usr/local/bin/pandoc (which was built for Mac OS X 10.15)
     Expected in: /usr/lib/libSystem.B.dylib
    
    dyld: Symbol not found: ____chkstk_darwin
     Referenced from: /usr/local/bin/pandoc (which was built for Mac OS X 10.15)
     Expected in: /usr/lib/libSystem.B.dylib
    
    Error: processing vignette 'Part_1_Introduction.Rmd' failed with diagnostics:
    pandoc document conversion failed with error 6
    --- failed re-building ‘Part_1_Introduction.Rmd’
    
    --- re-building ‘Part_2_Transition_Densities.Rmd’ using rmarkdown
    dyld: lazy symbol binding failed: Symbol not found: ____chkstk_darwin
     Referenced from: /usr/local/bin/pandoc (which was built for Mac OS X 10.15)
     Expected in: /usr/lib/libSystem.B.dylib
    
    dyld: Symbol not found: ____chkstk_darwin
     Referenced from: /usr/local/bin/pandoc (which was built for Mac OS X 10.15)
     Expected in: /usr/lib/libSystem.B.dylib
    
    Error: processing vignette 'Part_2_Transition_Densities.Rmd' failed with diagnostics:
    pandoc document conversion failed with error 6
    --- failed re-building ‘Part_2_Transition_Densities.Rmd’
    
    --- re-building ‘Part_3_Bivariate_Diffusions.Rmd’ using rmarkdown
    dyld: lazy symbol binding failed: Symbol not found: ____chkstk_darwin
     Referenced from: /usr/local/bin/pandoc (which was built for Mac OS X 10.15)
     Expected in: /usr/lib/libSystem.B.dylib
    
    dyld: Symbol not found: ____chkstk_darwin
     Referenced from: /usr/local/bin/pandoc (which was built for Mac OS X 10.15)
     Expected in: /usr/lib/libSystem.B.dylib
    
    Error: processing vignette 'Part_3_Bivariate_Diffusions.Rmd' failed with diagnostics:
    pandoc document conversion failed with error 6
    --- failed re-building ‘Part_3_Bivariate_Diffusions.Rmd’
    
    --- re-building ‘DiffusionRjgqd_Paper.pdf.asis’ using asis
    --- finished re-building ‘DiffusionRjgqd_Paper.pdf.asis’
    
    --- re-building ‘DiffusionRjgqd_RepMaterials.html.asis’ using asis
    --- finished re-building ‘DiffusionRjgqd_RepMaterials.html.asis’
    
    --- re-building ‘Part_4_Likelihood_Inference.html.asis’ using asis
    --- finished re-building ‘Part_4_Likelihood_Inference.html.asis’
    
    SUMMARY: processing the following files failed:
     ‘Part_1_Introduction.Rmd’ ‘Part_2_Transition_Densities.Rmd’
     ‘Part_3_Bivariate_Diffusions.Rmd’
    
    Error: Vignette re-building failed.
    Execution halted
Flavor: r-patched-osx-x86_64

Version: 0.1.1
Check: whether package can be installed
Result: WARN
    Found the following significant warnings:
     Warning: 'rgl_init' failed, running with rgl.useNULL = TRUE
Flavor: r-release-osx-x86_64

Version: 0.1.1
Check: re-building of vignette outputs
Result: WARN
    Error(s) in re-building vignettes:
    --- re-building ‘Part_1_Introduction.Rmd’ using rmarkdown
    Warning in engine$weave(file, quiet = quiet, encoding = enc) :
     Pandoc (>= 1.12.3) and/or pandoc-citeproc not available. Falling back to R Markdown v1.
    --- finished re-building ‘Part_1_Introduction.Rmd’
    
    --- re-building ‘Part_2_Transition_Densities.Rmd’ using rmarkdown
    Warning in engine$weave(file, quiet = quiet, encoding = enc) :
     Pandoc (>= 1.12.3) and/or pandoc-citeproc not available. Falling back to R Markdown v1.
    Quitting from lines 176-185 (Part_2_Transition_Densities.Rmd)
    Error: processing vignette 'Part_2_Transition_Densities.Rmd' failed with diagnostics:
    there is no package called 'DiffusionRgqd'
    --- failed re-building ‘Part_2_Transition_Densities.Rmd’
    
    --- re-building ‘Part_3_Bivariate_Diffusions.Rmd’ using rmarkdown
    Warning in engine$weave(file, quiet = quiet, encoding = enc) :
     Pandoc (>= 1.12.3) and/or pandoc-citeproc not available. Falling back to R Markdown v1.
    --- finished re-building ‘Part_3_Bivariate_Diffusions.Rmd’
    
    --- re-building ‘DiffusionRjgqd_Paper.pdf.asis’ using asis
    --- finished re-building ‘DiffusionRjgqd_Paper.pdf.asis’
    
    --- re-building ‘DiffusionRjgqd_RepMaterials.html.asis’ using asis
    --- finished re-building ‘DiffusionRjgqd_RepMaterials.html.asis’
    
    --- re-building ‘Part_4_Likelihood_Inference.html.asis’ using asis
    --- finished re-building ‘Part_4_Likelihood_Inference.html.asis’
    
    SUMMARY: processing the following file failed:
     ‘Part_2_Transition_Densities.Rmd’
    
    Error: Vignette re-building failed.
    Execution halted
Flavor: r-release-osx-x86_64