CRAN Package Check Results for Package DatabaseConnectorJars

Last updated on 2020-04-25 01:52:59 CEST.

Flavor Version Tinstall Tcheck Ttotal Status Flags
r-devel-linux-x86_64-debian-clang 1.1.0 3.34 29.11 32.45 OK
r-devel-linux-x86_64-debian-gcc 1.1.0 2.53 22.84 25.37 OK
r-devel-linux-x86_64-fedora-clang 1.1.0 40.90 NOTE
r-devel-linux-x86_64-fedora-gcc 1.1.0 41.44 OK
r-devel-windows-ix86+x86_64 1.1.0 11.00 63.00 74.00 NOTE
r-patched-linux-x86_64 1.1.0 3.42 28.51 31.93 OK
r-patched-osx-x86_64 1.1.0 NOTE
r-patched-solaris-x86 1.1.0 64.30 NOTE
r-release-linux-x86_64 1.1.0 2.73 26.20 28.93 OK
r-release-windows-ix86+x86_64 1.1.0 8.00 42.00 50.00 NOTE
r-release-osx-x86_64 1.1.0 NOTE
r-oldrel-windows-ix86+x86_64 1.1.0 6.00 41.00 47.00 NOTE
r-oldrel-osx-x86_64 1.1.0 NOTE

Check Details

Version: 1.1.0
Check: installed package size
Result: NOTE
     installed size is 7.6Mb
     sub-directories of 1Mb or more:
     java 7.5Mb
Flavors: r-devel-linux-x86_64-fedora-clang, r-devel-windows-ix86+x86_64, r-patched-osx-x86_64, r-patched-solaris-x86, r-release-windows-ix86+x86_64, r-release-osx-x86_64, r-oldrel-windows-ix86+x86_64, r-oldrel-osx-x86_64