Last updated on 2020-04-25 01:52:59 CEST.
Flavor | Version | Tinstall | Tcheck | Ttotal | Status | Flags |
---|---|---|---|---|---|---|
r-devel-linux-x86_64-debian-clang | 1.2.1 | 72.34 | 22.89 | 95.23 | OK | |
r-devel-linux-x86_64-debian-gcc | 1.2.1 | 55.13 | 18.56 | 73.69 | OK | |
r-devel-linux-x86_64-fedora-clang | 1.2.1 | 149.32 | NOTE | |||
r-devel-linux-x86_64-fedora-gcc | 1.2.1 | 133.71 | OK | |||
r-devel-windows-ix86+x86_64 | 1.2.1 | 192.00 | 88.00 | 280.00 | OK | |
r-patched-linux-x86_64 | 1.2.1 | 60.94 | 22.90 | 83.84 | OK | |
r-patched-osx-x86_64 | 1.2.1 | NOTE | ||||
r-patched-solaris-x86 | 1.2.1 | 129.90 | OK | |||
r-release-linux-x86_64 | 1.2.1 | 61.93 | 21.25 | 83.18 | OK | |
r-release-windows-ix86+x86_64 | 1.2.1 | 192.00 | 59.00 | 251.00 | OK | |
r-release-osx-x86_64 | 1.2.1 | NOTE | ||||
r-oldrel-windows-ix86+x86_64 | 1.2.1 | 123.00 | 138.00 | 261.00 | OK | |
r-oldrel-osx-x86_64 | 1.2.1 | NOTE |
Version: 1.2.1
Check: installed package size
Result: NOTE
installed size is 8.4Mb
sub-directories of 1Mb or more:
libs 8.3Mb
Flavors: r-devel-linux-x86_64-fedora-clang, r-patched-osx-x86_64, r-release-osx-x86_64, r-oldrel-osx-x86_64