CRAN Package Check Results for Package DNAtools

Last updated on 2020-04-25 01:53:00 CEST.

Flavor Version Tinstall Tcheck Ttotal Status Flags
r-devel-linux-x86_64-debian-clang 0.2-2 71.93 69.93 141.86 NOTE
r-devel-linux-x86_64-debian-gcc 0.2-2 45.72 54.53 100.25 NOTE
r-devel-linux-x86_64-fedora-clang 0.2-2 193.98 NOTE
r-devel-linux-x86_64-fedora-gcc 0.2-2 175.30 NOTE
r-devel-windows-ix86+x86_64 0.2-2 185.00 157.00 342.00 NOTE
r-patched-linux-x86_64 0.2-2 56.51 69.11 125.62 NOTE
r-patched-osx-x86_64 0.2-2 NOTE
r-patched-solaris-x86 0.2-2 182.70 NOTE
r-release-linux-x86_64 0.2-2 56.30 63.68 119.98 NOTE
r-release-windows-ix86+x86_64 0.2-2 192.00 147.00 339.00 NOTE
r-release-osx-x86_64 0.2-2 NOTE
r-oldrel-windows-ix86+x86_64 0.2-2 137.00 100.00 237.00 NOTE
r-oldrel-osx-x86_64 0.2-2 NOTE

Additional issues

noLD

Check Details

Version: 0.2-2
Check: for GNU extensions in Makefiles
Result: NOTE
    GNU make is a SystemRequirements.
Flavors: r-devel-linux-x86_64-debian-clang, r-devel-linux-x86_64-debian-gcc, r-devel-linux-x86_64-fedora-clang, r-devel-linux-x86_64-fedora-gcc, r-devel-windows-ix86+x86_64, r-patched-linux-x86_64, r-patched-osx-x86_64, r-patched-solaris-x86, r-release-linux-x86_64, r-release-windows-ix86+x86_64, r-release-osx-x86_64, r-oldrel-windows-ix86+x86_64, r-oldrel-osx-x86_64