CRAN Package Check Results for Package DHARMa

Last updated on 2020-04-25 01:52:59 CEST.

Flavor Version Tinstall Tcheck Ttotal Status Flags
r-devel-linux-x86_64-debian-clang 0.3.0 12.89 221.86 234.75 OK
r-devel-linux-x86_64-debian-gcc 0.3.0 9.67 167.44 177.11 OK
r-devel-linux-x86_64-fedora-clang 0.3.0 280.04 NOTE
r-devel-linux-x86_64-fedora-gcc 0.3.0 292.86 NOTE
r-devel-windows-ix86+x86_64 0.2.7 28.00 321.00 349.00 OK
r-patched-linux-x86_64 0.3.0 10.61 215.87 226.48 OK
r-patched-osx-x86_64 0.2.7 WARN
r-patched-solaris-x86 0.3.0 406.00 NOTE
r-release-linux-x86_64 0.3.0 10.54 202.09 212.63 OK
r-release-windows-ix86+x86_64 0.3.0 25.00 280.00 305.00 OK
r-release-osx-x86_64 0.3.0 NOTE
r-oldrel-windows-ix86+x86_64 0.3.0 12.00 229.00 241.00 OK
r-oldrel-osx-x86_64 0.2.7 NOTE

Check Details

Version: 0.3.0
Check: dependencies in R code
Result: NOTE
    Namespace in Imports field not imported from: ‘mgcv’
     All declared Imports should be used.
Flavors: r-devel-linux-x86_64-fedora-clang, r-devel-linux-x86_64-fedora-gcc, r-patched-solaris-x86, r-release-osx-x86_64

Version: 0.2.7
Check: dependencies in R code
Result: NOTE
    Namespace in Imports field not imported from: ‘mgcv’
     All declared Imports should be used.
Flavors: r-patched-osx-x86_64, r-oldrel-osx-x86_64

Version: 0.2.7
Check: re-building of vignette outputs
Result: WARN
    Error(s) in re-building vignettes:
    --- re-building ‘DHARMa.Rmd’ using rmarkdown
    Loading required package: Matrix
    boundary (singular) fit: see ?isSingular
    boundary (singular) fit: see ?isSingular
    boundary (singular) fit: see ?isSingular
    boundary (singular) fit: see ?isSingular
    boundary (singular) fit: see ?isSingular
    boundary (singular) fit: see ?isSingular
    boundary (singular) fit: see ?isSingular
    boundary (singular) fit: see ?isSingular
    boundary (singular) fit: see ?isSingular
    boundary (singular) fit: see ?isSingular
    boundary (singular) fit: see ?isSingular
    boundary (singular) fit: see ?isSingular
    boundary (singular) fit: see ?isSingular
    boundary (singular) fit: see ?isSingular
    boundary (singular) fit: see ?isSingular
    boundary (singular) fit: see ?isSingular
    boundary (singular) fit: see ?isSingular
    boundary (singular) fit: see ?isSingular
    DHARMa::testTemporalAutocorrelation - no time argument provided, using random times for each data point
    DHARMa::testSpatialAutocorrelation - no x coordinates provided, using random values for each data point
    DHARMa::testSpatialAutocorrelation - no x coordinates provided, using random values for each data point
    Model family was recognized or set as continuous, but duplicate values were detected in the response. Consider if you are fitting an appropriate model.
    Model family was recognized or set as continuous, but duplicate values were detected in the simulation - changing to integer residuals (see ?simulateResiduals for details)
    testOverdispersion is deprecated, switch your code to using the testDispersion function
    dyld: lazy symbol binding failed: Symbol not found: ____chkstk_darwin
     Referenced from: /usr/local/bin/pandoc (which was built for Mac OS X 10.15)
     Expected in: /usr/lib/libSystem.B.dylib
    
    dyld: Symbol not found: ____chkstk_darwin
     Referenced from: /usr/local/bin/pandoc (which was built for Mac OS X 10.15)
     Expected in: /usr/lib/libSystem.B.dylib
    
    Error: processing vignette 'DHARMa.Rmd' failed with diagnostics:
    pandoc document conversion failed with error 6
    --- failed re-building ‘DHARMa.Rmd’
    
    SUMMARY: processing the following file failed:
     ‘DHARMa.Rmd’
    
    Error: Vignette re-building failed.
    Execution halted
Flavor: r-patched-osx-x86_64