CRAN Package Check Results for Package DEploid

Last updated on 2020-04-25 01:52:59 CEST.

Flavor Version Tinstall Tcheck Ttotal Status Flags
r-devel-linux-x86_64-debian-clang 0.5.3 88.99 208.20 297.19 OK
r-devel-linux-x86_64-debian-gcc 0.5.3 66.32 167.71 234.03 OK
r-devel-linux-x86_64-fedora-clang 0.5.3 276.97 NOTE
r-devel-linux-x86_64-fedora-gcc 0.5.3 270.91 OK
r-patched-linux-x86_64 0.5.3 73.84 227.21 301.05 OK
r-patched-osx-x86_64 0.5.3 NOTE
r-patched-solaris-x86 0.5.3 647.90 OK
r-release-linux-x86_64 0.5.3 78.11 218.51 296.62 OK
r-release-windows-ix86+x86_64 0.5.3 231.00 563.00 794.00 OK
r-release-osx-x86_64 0.5.3 NOTE
r-oldrel-windows-ix86+x86_64 0.5.3 174.00 465.00 639.00 OK
r-oldrel-osx-x86_64 0.5.2 OK

Check Details

Version: 0.5.3
Check: installed package size
Result: NOTE
     installed size is 9.0Mb
     sub-directories of 1Mb or more:
     libs 8.5Mb
Flavors: r-devel-linux-x86_64-fedora-clang, r-patched-osx-x86_64, r-release-osx-x86_64