CRAN Package Check Results for Package DCPO

Last updated on 2020-04-25 01:52:59 CEST.

Flavor Version Tinstall Tcheck Ttotal Status Flags
r-devel-linux-x86_64-debian-clang 0.5.1 278.35 80.46 358.81 NOTE
r-devel-linux-x86_64-debian-gcc 0.5.1 240.82 67.82 308.64 NOTE
r-devel-linux-x86_64-fedora-clang 0.5.1 480.17 NOTE
r-devel-linux-x86_64-fedora-gcc 0.5.1 535.77 NOTE
r-devel-windows-ix86+x86_64 0.5.1 171.00 7.00 178.00 ERROR
r-patched-linux-x86_64 0.5.1 221.79 85.76 307.55 NOTE
r-patched-osx-x86_64 0.5.1 NOTE
r-patched-solaris-x86 0.5.1 451.80 NOTE
r-release-linux-x86_64 0.5.1 221.21 75.96 297.17 NOTE
r-release-windows-ix86+x86_64 0.5.1 528.00 204.00 732.00 NOTE
r-release-osx-x86_64 0.5.1 NOTE
r-oldrel-windows-ix86+x86_64 0.5.1 367.00 131.00 498.00 NOTE
r-oldrel-osx-x86_64 0.5.0 NOTE

Additional issues

donttest

Check Details

Version: 0.5.1
Check: for GNU extensions in Makefiles
Result: NOTE
    GNU make is a SystemRequirements.
Flavors: r-devel-linux-x86_64-debian-clang, r-devel-linux-x86_64-debian-gcc, r-devel-linux-x86_64-fedora-clang, r-devel-linux-x86_64-fedora-gcc, r-patched-linux-x86_64, r-patched-osx-x86_64, r-patched-solaris-x86, r-release-linux-x86_64, r-release-windows-ix86+x86_64, r-release-osx-x86_64, r-oldrel-windows-ix86+x86_64

Version: 0.5.1
Check: installed package size
Result: NOTE
     installed size is 50.5Mb
     sub-directories of 1Mb or more:
     libs 50.0Mb
Flavors: r-devel-linux-x86_64-fedora-clang, r-patched-osx-x86_64, r-release-windows-ix86+x86_64, r-release-osx-x86_64, r-oldrel-windows-ix86+x86_64

Version: 0.5.1
Check: data for non-ASCII characters
Result: NOTE
     Note: found 38 marked UTF-8 strings
Flavors: r-devel-linux-x86_64-fedora-clang, r-devel-linux-x86_64-fedora-gcc, r-patched-osx-x86_64, r-patched-solaris-x86, r-release-osx-x86_64

Version: 0.5.1
Check: whether package can be installed
Result: ERROR
    Installation failed.
Flavor: r-devel-windows-ix86+x86_64

Version: 0.5.0
Check: installed package size
Result: NOTE
     installed size is 40.1Mb
     sub-directories of 1Mb or more:
     libs 39.9Mb
Flavor: r-oldrel-osx-x86_64

Version: 0.5.0
Check: for GNU extensions in Makefiles
Result: NOTE
    GNU make is a SystemRequirements.
Flavor: r-oldrel-osx-x86_64