CRAN Package Check Results for Package DBItest

Last updated on 2020-04-25 01:52:59 CEST.

Flavor Version Tinstall Tcheck Ttotal Status Flags
r-devel-linux-x86_64-debian-clang 1.7.0 20.87 57.20 78.07 OK
r-devel-linux-x86_64-debian-gcc 1.7.0 17.77 45.06 62.83 OK
r-devel-linux-x86_64-fedora-clang 1.7.0 103.54 OK
r-devel-linux-x86_64-fedora-gcc 1.7.0 102.52 OK
r-devel-windows-ix86+x86_64 1.7.0 58.00 101.00 159.00 OK
r-patched-linux-x86_64 1.7.0 20.47 55.99 76.46 OK
r-patched-osx-x86_64 1.7.0 WARN
r-patched-solaris-x86 1.7.0 131.90 OK
r-release-linux-x86_64 1.7.0 18.37 51.28 69.65 OK
r-release-windows-ix86+x86_64 1.7.0 41.00 93.00 134.00 OK
r-release-osx-x86_64 1.7.0 OK
r-oldrel-windows-ix86+x86_64 1.7.0 23.00 64.00 87.00 OK
r-oldrel-osx-x86_64 1.7.0 OK

Check Details

Version: 1.7.0
Check: re-building of vignette outputs
Result: WARN
    Error(s) in re-building vignettes:
     ...
    --- re-building ‘DBItest.Rmd’ using rmarkdown
    dyld: lazy symbol binding failed: Symbol not found: ____chkstk_darwin
     Referenced from: /usr/local/bin/pandoc (which was built for Mac OS X 10.15)
     Expected in: /usr/lib/libSystem.B.dylib
    
    dyld: Symbol not found: ____chkstk_darwin
     Referenced from: /usr/local/bin/pandoc (which was built for Mac OS X 10.15)
     Expected in: /usr/lib/libSystem.B.dylib
    
    Error: processing vignette 'DBItest.Rmd' failed with diagnostics:
    pandoc document conversion failed with error 6
    --- failed re-building ‘DBItest.Rmd’
    
    SUMMARY: processing the following file failed:
     ‘DBItest.Rmd’
    
    Error: Vignette re-building failed.
    Execution halted
Flavor: r-patched-osx-x86_64