CRAN Package Check Results for Package DAMOCLES

Last updated on 2020-04-25 01:52:59 CEST.

Flavor Version Tinstall Tcheck Ttotal Status Flags
r-devel-linux-x86_64-debian-clang 2.2 5.80 86.00 91.80 OK
r-devel-linux-x86_64-debian-gcc 2.2 4.68 68.82 73.50 OK
r-devel-linux-x86_64-fedora-clang 2.2 109.18 NOTE
r-devel-linux-x86_64-fedora-gcc 2.2 132.43 NOTE
r-devel-windows-ix86+x86_64 2.2 19.00 125.00 144.00 OK
r-patched-linux-x86_64 2.2 6.83 85.02 91.85 OK
r-patched-osx-x86_64 2.2 NOTE
r-patched-solaris-x86 2.2 139.10 NOTE
r-release-linux-x86_64 2.2 5.35 81.28 86.63 OK
r-release-windows-ix86+x86_64 2.2 12.00 119.00 131.00 OK
r-release-osx-x86_64 2.2 NOTE
r-oldrel-windows-ix86+x86_64 2.2 5.00 106.00 111.00 OK
r-oldrel-osx-x86_64 2.2 NOTE

Check Details

Version: 2.2
Check: dependencies in R code
Result: NOTE
    Namespace in Imports field not imported from: ‘expm’
     All declared Imports should be used.
Flavors: r-devel-linux-x86_64-fedora-clang, r-devel-linux-x86_64-fedora-gcc, r-patched-osx-x86_64, r-patched-solaris-x86, r-release-osx-x86_64, r-oldrel-osx-x86_64