CRAN Package Check Results for Package Cubist

Last updated on 2020-04-25 01:52:58 CEST.

Flavor Version Tinstall Tcheck Ttotal Status Flags
r-devel-linux-x86_64-debian-clang 0.2.3 14.40 93.11 107.51 OK
r-devel-linux-x86_64-debian-gcc 0.2.3 9.49 70.27 79.76 OK
r-devel-linux-x86_64-fedora-clang 0.2.3 132.29 OK
r-devel-linux-x86_64-fedora-gcc 0.2.3 134.69 OK
r-devel-windows-ix86+x86_64 0.2.3 59.00 155.00 214.00 OK
r-patched-linux-x86_64 0.2.3 11.87 93.85 105.72 OK
r-patched-osx-x86_64 0.2.3 OK
r-patched-solaris-x86 0.2.3 192.10 OK
r-release-linux-x86_64 0.2.3 10.95 89.34 100.29 OK
r-release-windows-ix86+x86_64 0.2.3 74.00 149.00 223.00 OK
r-release-osx-x86_64 0.2.3 OK
r-oldrel-windows-ix86+x86_64 0.2.3 44.00 70.00 114.00 WARN
r-oldrel-osx-x86_64 0.2.3 WARN

Check Details

Version: 0.2.3
Check: package dependencies
Result: NOTE
    Package suggested but not available for checking: 'tidyrules'
Flavors: r-oldrel-windows-ix86+x86_64, r-oldrel-osx-x86_64

Version: 0.2.3
Check: re-building of vignette outputs
Result: WARN
    Error in re-building vignettes:
     ...
    Warning in engine$weave(file, quiet = quiet, encoding = enc) :
     The vignette engine knitr::rmarkdown is not available, because the rmarkdown package is not installed. Please install it.
    Quitting from lines 12-20 (cubist.Rmd)
    Error: processing vignette 'cubist.Rmd' failed with diagnostics:
    there is no package called 'tidyrules'
    Execution halted
Flavor: r-oldrel-windows-ix86+x86_64

Version: 0.2.3
Check: re-building of vignette outputs
Result: WARN
    Error in re-building vignettes:
     ...
    Warning in engine$weave(file, quiet = quiet, encoding = enc) :
     Pandoc (>= 1.12.3) and/or pandoc-citeproc not available. Falling back to R Markdown v1.
    Quitting from lines 12-20 (cubist.Rmd)
    Error: processing vignette 'cubist.Rmd' failed with diagnostics:
    there is no package called 'tidyrules'
    Execution halted
Flavor: r-oldrel-osx-x86_64