CRAN Package Check Results for Package CrossClustering

Last updated on 2020-04-25 01:52:58 CEST.

Flavor Version Tinstall Tcheck Ttotal Status Flags
r-devel-linux-x86_64-debian-clang 4.0.3 2.72 46.40 49.12 OK
r-devel-linux-x86_64-debian-gcc 4.0.3 2.02 36.82 38.84 OK
r-devel-linux-x86_64-fedora-clang 4.0.3 59.96 NOTE
r-devel-linux-x86_64-fedora-gcc 4.0.3 59.51 NOTE
r-devel-windows-ix86+x86_64 4.0.3 13.00 80.00 93.00 OK
r-patched-linux-x86_64 4.0.3 2.78 46.24 49.02 OK
r-patched-osx-x86_64 4.0.3 NOTE
r-patched-solaris-x86 4.0.3 86.00 NOTE
r-release-linux-x86_64 4.0.3 2.50 42.74 45.24 OK
r-release-windows-ix86+x86_64 4.0.3 10.00 78.00 88.00 OK
r-release-osx-x86_64 4.0.3 NOTE
r-oldrel-windows-ix86+x86_64 4.0.3 4.00 53.00 57.00 OK
r-oldrel-osx-x86_64 4.0.3 NOTE

Check Details

Version: 4.0.3
Check: dependencies in R code
Result: NOTE
    Namespace in Imports field not imported from: ‘glue’
     All declared Imports should be used.
Flavors: r-devel-linux-x86_64-fedora-clang, r-devel-linux-x86_64-fedora-gcc, r-patched-osx-x86_64, r-patched-solaris-x86, r-release-osx-x86_64, r-oldrel-osx-x86_64