CRAN Package Check Results for Package CoopGame

Last updated on 2020-04-25 01:52:58 CEST.

Flavor Version Tinstall Tcheck Ttotal Status Flags
r-devel-linux-x86_64-debian-clang 0.2.1 9.42 106.37 115.79 OK
r-devel-linux-x86_64-debian-gcc 0.2.1 8.49 82.14 90.63 OK
r-devel-linux-x86_64-fedora-clang 0.2.1 136.56 OK
r-devel-linux-x86_64-fedora-gcc 0.2.1 137.28 OK
r-devel-windows-ix86+x86_64 0.2.1 32.00 186.00 218.00 OK
r-patched-linux-x86_64 0.2.1 9.24 103.95 113.19 OK
r-patched-osx-x86_64 0.2.1 WARN
r-patched-solaris-x86 0.2.1 167.40 OK
r-release-linux-x86_64 0.2.1 8.23 96.82 105.05 OK
r-release-windows-ix86+x86_64 0.2.1 25.00 172.00 197.00 OK
r-release-osx-x86_64 0.2.1 WARN
r-oldrel-windows-ix86+x86_64 0.2.1 13.00 121.00 134.00 OK
r-oldrel-osx-x86_64 0.2.1 OK

Check Details

Version: 0.2.1
Check: re-building of vignette outputs
Result: WARN
    Error(s) in re-building vignettes:
     ...
    --- re-building ‘UsingCoopGame.Rmd’ using rmarkdown
    [WARNING] Could not parse YAML metadata at line 48 column 1: Unexpected '
     '
    dyld: lazy symbol binding failed: Symbol not found: ____chkstk_darwin
     Referenced from: /usr/local/bin/pandoc (which was built for Mac OS X 10.15)
     Expected in: /usr/lib/libSystem.B.dylib
    
    dyld: Symbol not found: ____chkstk_darwin
     Referenced from: /usr/local/bin/pandoc (which was built for Mac OS X 10.15)
     Expected in: /usr/lib/libSystem.B.dylib
    
    Error: processing vignette 'UsingCoopGame.Rmd' failed with diagnostics:
    pandoc document conversion failed with error 6
    --- failed re-building ‘UsingCoopGame.Rmd’
    
    SUMMARY: processing the following file failed:
     ‘UsingCoopGame.Rmd’
    
    Error: Vignette re-building failed.
    Execution halted
Flavor: r-patched-osx-x86_64

Version: 0.2.1
Check: whether package can be installed
Result: WARN
    Found the following significant warnings:
     Warning: 'rgl_init' failed, running with rgl.useNULL = TRUE
Flavor: r-release-osx-x86_64