Last updated on 2020-04-25 01:52:58 CEST.
Flavor | Version | Tinstall | Tcheck | Ttotal | Status | Flags |
---|---|---|---|---|---|---|
r-devel-linux-x86_64-debian-clang | 3.8 | 17.22 | 126.26 | 143.48 | OK | |
r-devel-linux-x86_64-debian-gcc | 3.8 | 14.78 | 94.61 | 109.39 | OK | |
r-devel-linux-x86_64-fedora-clang | 3.8 | 165.72 | OK | |||
r-devel-linux-x86_64-fedora-gcc | 3.8 | 169.05 | OK | |||
r-devel-windows-ix86+x86_64 | 3.8 | 41.00 | 196.00 | 237.00 | OK | |
r-patched-linux-x86_64 | 3.8 | 14.57 | 121.62 | 136.19 | OK | |
r-patched-osx-x86_64 | 3.8 | OK | ||||
r-patched-solaris-x86 | 3.8 | 242.30 | OK | |||
r-release-linux-x86_64 | 3.8 | 16.18 | 107.80 | 123.98 | OK | |
r-release-windows-ix86+x86_64 | 3.8 | 37.00 | 130.00 | 167.00 | OK | |
r-release-osx-x86_64 | 3.8 | OK | ||||
r-oldrel-windows-ix86+x86_64 | 3.5 | 19.00 | 126.00 | 145.00 | OK | |
r-oldrel-osx-x86_64 | 3.8 | ERROR |
Version: 3.8
Check: whether package can be installed
Result: ERROR
Installation failed.
Flavor: r-oldrel-osx-x86_64