CRAN Package Check Results for Package CommonJavaJars

Last updated on 2020-04-25 01:52:58 CEST.

Flavor Version Tinstall Tcheck Ttotal Status Flags
r-devel-linux-x86_64-debian-clang 1.0-6 2.30 22.06 24.36 OK
r-devel-linux-x86_64-debian-gcc 1.0-6 1.79 17.69 19.48 OK
r-devel-linux-x86_64-fedora-clang 1.0-6 31.31 OK
r-devel-linux-x86_64-fedora-gcc 1.0-6 30.42 OK
r-devel-windows-ix86+x86_64 1.0-6 8.00 57.00 65.00 OK
r-patched-linux-x86_64 1.0-6 2.15 21.76 23.91 OK
r-patched-osx-x86_64 1.0-6 OK
r-patched-solaris-x86 1.0-6 52.70 NOTE
r-release-linux-x86_64 1.0-6 1.54 20.74 22.28 OK
r-release-windows-ix86+x86_64 1.0-6 13.00 50.00 63.00 OK
r-release-osx-x86_64 1.0-6 OK
r-oldrel-windows-ix86+x86_64 1.0-6 4.00 38.00 42.00 OK
r-oldrel-osx-x86_64 1.0-6 OK

Check Details

Version: 1.0-6
Check: installed package size
Result: NOTE
     installed size is 5.4Mb
     sub-directories of 1Mb or more:
     java 5.2Mb
Flavor: r-patched-solaris-x86