CRAN Package Check Results for Package ChoR

Last updated on 2020-04-25 01:52:57 CEST.

Flavor Version Tinstall Tcheck Ttotal Status Flags
r-devel-linux-x86_64-debian-clang 0.0-4 3.28 36.73 40.01 OK
r-devel-linux-x86_64-debian-gcc 0.0-4 2.99 28.43 31.42 OK
r-devel-linux-x86_64-fedora-clang 0.0-4 49.75 OK
r-devel-linux-x86_64-fedora-gcc 0.0-4 50.58 OK
r-devel-windows-ix86+x86_64 0.0-4 11.00 66.00 77.00 OK
r-patched-linux-x86_64 0.0-4 3.42 36.53 39.95 OK
r-patched-osx-x86_64 0.0-4 OK
r-release-linux-x86_64 0.0-4 2.75 33.71 36.46 OK
r-release-windows-ix86+x86_64 0.0-4 12.00 46.00 58.00 OK
r-release-osx-x86_64 0.0-4 NOTE
r-oldrel-windows-ix86+x86_64 0.0-4 5.00 50.00 55.00 OK
r-oldrel-osx-x86_64 0.0-4 OK

Check Details

Version: 0.0-4
Check: package dependencies
Result: NOTE
    Packages suggested but not available for checking: 'graph', 'Rgraphviz'
Flavor: r-release-osx-x86_64