CRAN Package Check Results for Package ChainLadder

Last updated on 2020-04-25 01:52:57 CEST.

Flavor Version Tinstall Tcheck Ttotal Status Flags
r-devel-linux-x86_64-debian-clang 0.2.11 25.82 285.15 310.97 OK
r-devel-linux-x86_64-debian-gcc 0.2.11 20.22 213.63 233.85 OK
r-devel-linux-x86_64-fedora-clang 0.2.11 366.00 OK
r-devel-linux-x86_64-fedora-gcc 0.2.11 373.43 OK
r-devel-windows-ix86+x86_64 0.2.11 69.00 395.00 464.00 OK
r-patched-linux-x86_64 0.2.11 24.32 274.90 299.22 OK
r-patched-osx-x86_64 0.2.11 NOTE
r-patched-solaris-x86 0.2.11 490.40 OK
r-release-linux-x86_64 0.2.11 19.49 254.70 274.19 OK
r-release-windows-ix86+x86_64 0.2.11 55.00 366.00 421.00 OK
r-release-osx-x86_64 0.2.11 OK
r-oldrel-windows-ix86+x86_64 0.2.11 30.00 315.00 345.00 OK
r-oldrel-osx-x86_64 0.2.11 OK

Check Details

Version: 0.2.11
Check: re-building of vignette outputs
Result: NOTE
    Error(s) in re-building vignettes:
    --- re-building ‘NEWS.Rmd’ using rmarkdown
    dyld: lazy symbol binding failed: Symbol not found: ____chkstk_darwin
     Referenced from: /usr/local/bin/pandoc (which was built for Mac OS X 10.15)
     Expected in: /usr/lib/libSystem.B.dylib
    
    dyld: Symbol not found: ____chkstk_darwin
     Referenced from: /usr/local/bin/pandoc (which was built for Mac OS X 10.15)
     Expected in: /usr/lib/libSystem.B.dylib
    
    Error: processing vignette 'NEWS.Rmd' failed with diagnostics:
    pandoc document conversion failed with error 6
    --- failed re-building ‘NEWS.Rmd’
    
    --- re-building ‘ChainLadder.Rnw’ using Sweave
    
    Welcome to ChainLadder version 0.2.11
    
    Type vignette('ChainLadder', package='ChainLadder') to access
    the overall package documentation.
    
    See demo(package='ChainLadder') for a list of demos.
    
    More information is available on the ChainLadder project web-site:
    https://github.com/mages/ChainLadder
    
    To suppress this message use:
    suppressPackageStartupMessages(library(ChainLadder))
    
    Loading required package: systemfit
    Loading required package: Matrix
    Loading required package: car
    Loading required package: carData
    Loading required package: lmtest
    Loading required package: zoo
    
    Attaching package: ‘zoo’
    
    The following objects are masked from ‘package:base’:
    
     as.Date, as.Date.numeric
    
    
    Please cite the 'systemfit' package as:
    Arne Henningsen and Jeff D. Hamann (2007). systemfit: A Package for Estimating Systems of Simultaneous Equations in R. Journal of Statistical Software 23(4), 1-40. http://www.jstatsoft.org/v23/i04/.
    
    If you have questions, suggestions, or comments regarding the 'systemfit' package, please use a forum or 'tracker' at systemfit's R-Forge site:
    https://r-forge.r-project.org/projects/systemfit/
    --- finished re-building ‘ChainLadder.Rnw’
    
    SUMMARY: processing the following file failed:
     ‘NEWS.Rmd’
    
    Error: Vignette re-building failed.
    Execution halted
Flavor: r-patched-osx-x86_64