CRAN Package Check Results for Package CatEncoders

Last updated on 2020-04-25 01:52:57 CEST.

Flavor Version Tinstall Tcheck Ttotal Status Flags
r-devel-linux-x86_64-debian-clang 0.1.1 2.61 27.57 30.18 OK
r-devel-linux-x86_64-debian-gcc 0.1.1 2.06 22.41 24.47 OK
r-devel-linux-x86_64-fedora-clang 0.1.1 35.69 NOTE
r-devel-linux-x86_64-fedora-gcc 0.1.1 36.03 NOTE
r-devel-windows-ix86+x86_64 0.1.1 7.00 53.00 60.00 OK
r-patched-linux-x86_64 0.1.1 2.71 27.17 29.88 OK
r-patched-osx-x86_64 0.1.1 NOTE
r-patched-solaris-x86 0.1.1 54.90 NOTE
r-release-linux-x86_64 0.1.1 2.01 25.22 27.23 OK
r-release-windows-ix86+x86_64 0.1.1 7.00 37.00 44.00 OK
r-release-osx-x86_64 0.1.1 NOTE
r-oldrel-windows-ix86+x86_64 0.1.1 3.00 38.00 41.00 OK
r-oldrel-osx-x86_64 0.1.1 NOTE

Check Details

Version: 0.1.1
Check: dependencies in R code
Result: NOTE
    Namespace in Imports field not imported from: ‘Matrix’
     All declared Imports should be used.
Flavors: r-devel-linux-x86_64-fedora-clang, r-devel-linux-x86_64-fedora-gcc, r-patched-osx-x86_64, r-patched-solaris-x86, r-release-osx-x86_64, r-oldrel-osx-x86_64