CRAN Package Check Results for Package CaPO4Sim

Last updated on 2020-04-25 01:52:57 CEST.

Flavor Version Tinstall Tcheck Ttotal Status Flags
r-devel-linux-x86_64-debian-clang 0.1.0 5.48 38.94 44.42 OK
r-devel-linux-x86_64-debian-gcc 0.1.0 4.70 31.01 35.71 OK
r-devel-linux-x86_64-fedora-clang 0.1.0 54.48 NOTE
r-devel-linux-x86_64-fedora-gcc 0.1.0 54.02 NOTE
r-devel-windows-ix86+x86_64 0.1.0 31.00 81.00 112.00 OK
r-patched-linux-x86_64 0.1.0 5.59 38.32 43.91 OK
r-patched-osx-x86_64 0.1.0 NOTE
r-patched-solaris-x86 0.1.0 81.50 NOTE
r-release-linux-x86_64 0.1.0 5.51 35.62 41.13 OK
r-release-windows-ix86+x86_64 0.1.0 24.00 70.00 94.00 OK
r-release-osx-x86_64 0.1.0 NOTE
r-oldrel-windows-ix86+x86_64 0.1.0 8.00 52.00 60.00 OK
r-oldrel-osx-x86_64 0.1.0 NOTE

Check Details

Version: 0.1.0
Check: dependencies in R code
Result: NOTE
    Namespace in Imports field not imported from: ‘htmltools’
     All declared Imports should be used.
Flavors: r-devel-linux-x86_64-fedora-clang, r-devel-linux-x86_64-fedora-gcc, r-patched-osx-x86_64, r-patched-solaris-x86, r-release-osx-x86_64, r-oldrel-osx-x86_64