Last updated on 2020-04-25 01:52:58 CEST.
Flavor | Version | Tinstall | Tcheck | Ttotal | Status | Flags |
---|---|---|---|---|---|---|
r-devel-linux-x86_64-debian-clang | 1.0.0 | 4.13 | 40.56 | 44.69 | OK | |
r-devel-linux-x86_64-debian-gcc | 1.0.0 | 3.34 | 30.92 | 34.26 | OK | |
r-devel-linux-x86_64-fedora-clang | 1.0.0 | 53.79 | OK | |||
r-devel-linux-x86_64-fedora-gcc | 1.0.0 | 55.26 | OK | |||
r-devel-windows-ix86+x86_64 | 1.0.0 | 12.00 | 73.00 | 85.00 | OK | |
r-patched-linux-x86_64 | 1.0.0 | 4.09 | 38.80 | 42.89 | OK | |
r-patched-osx-x86_64 | 1.0.0 | OK | ||||
r-patched-solaris-x86 | 1.0.0 | 75.90 | OK | |||
r-release-linux-x86_64 | 1.0.0 | 3.73 | 36.31 | 40.04 | OK | |
r-release-windows-ix86+x86_64 | 1.0.0 | 10.00 | 48.00 | 58.00 | OK | |
r-release-osx-x86_64 | 1.0.0 | OK | ||||
r-oldrel-windows-ix86+x86_64 | 1.0.0 | 1.00 | 6.00 | 7.00 | ERROR | |
r-oldrel-osx-x86_64 | 1.0.0 | ERROR |
Version: 1.0.0
Check: package dependencies
Result: ERROR
Package required and available but unsuitable version: 'caTools'
See section 'The DESCRIPTION file' in the 'Writing R Extensions'
manual.
Flavors: r-oldrel-windows-ix86+x86_64, r-oldrel-osx-x86_64