CRAN Package Check Results for Package CNprep

Last updated on 2020-04-25 01:52:57 CEST.

Flavor Version Tinstall Tcheck Ttotal Status Flags
r-devel-linux-x86_64-debian-clang 2.0 3.63 31.50 35.13 NOTE
r-devel-linux-x86_64-debian-gcc 2.0 2.64 25.51 28.15 NOTE
r-devel-linux-x86_64-fedora-clang 2.0 43.95 NOTE
r-devel-linux-x86_64-fedora-gcc 2.0 44.18 NOTE
r-devel-windows-ix86+x86_64 2.0 9.00 74.00 83.00 NOTE
r-patched-linux-x86_64 2.0 2.99 31.53 34.52 NOTE
r-patched-osx-x86_64 2.0 NOTE
r-patched-solaris-x86 2.0 78.60 NOTE
r-release-linux-x86_64 2.0 2.77 26.74 29.51 NOTE
r-release-windows-ix86+x86_64 2.0 10.00 46.00 56.00 NOTE
r-release-osx-x86_64 2.0 NOTE
r-oldrel-windows-ix86+x86_64 2.0 4.00 46.00 50.00 NOTE
r-oldrel-osx-x86_64 2.0 NOTE

Check Details

Version: 2.0
Check: R code for possible problems
Result: NOTE
    CNclusterNcenter: no visible global function definition for 'median'
    CNclusterNcenter: no visible binding for global variable 'var'
    breakIntoGaps: no visible global function definition for 'runif'
    centerprob: no visible global function definition for 'pnorm'
    getz: no visible global function definition for 'predict'
    smad: no visible global function definition for 'mad'
    smedian: no visible global function definition for 'median'
    smedian.sample: no visible global function definition for 'median'
    smedmad: no visible global function definition for 'median'
    smedmad: no visible global function definition for 'mad'
    Undefined global functions or variables:
     mad median pnorm predict runif var
    Consider adding
     importFrom("stats", "mad", "median", "pnorm", "predict", "runif",
     "var")
    to your NAMESPACE file.
Flavors: r-devel-linux-x86_64-debian-clang, r-devel-linux-x86_64-debian-gcc, r-devel-linux-x86_64-fedora-clang, r-devel-linux-x86_64-fedora-gcc, r-devel-windows-ix86+x86_64, r-patched-linux-x86_64, r-patched-osx-x86_64, r-patched-solaris-x86, r-release-linux-x86_64, r-release-windows-ix86+x86_64, r-release-osx-x86_64, r-oldrel-windows-ix86+x86_64, r-oldrel-osx-x86_64