CRAN Package Check Results for Package CINNA

Last updated on 2020-04-25 01:52:57 CEST.

Flavor Version Tinstall Tcheck Ttotal Status Flags
r-devel-linux-x86_64-debian-clang 1.1.53 16.37 137.14 153.51 OK
r-devel-linux-x86_64-debian-gcc 1.1.53 14.36 104.56 118.92 OK
r-devel-linux-x86_64-fedora-clang 1.1.53 182.28 NOTE
r-devel-linux-x86_64-fedora-gcc 1.1.53 185.76 NOTE
r-devel-windows-ix86+x86_64 1.1.53 60.00 199.00 259.00 OK
r-patched-linux-x86_64 1.1.53 13.65 131.16 144.81 OK
r-patched-osx-x86_64 1.1.53 WARN
r-patched-solaris-x86 1.1.53 268.20 NOTE
r-release-linux-x86_64 1.1.53 12.79 120.16 132.95 OK
r-release-windows-ix86+x86_64 1.1.53 37.00 176.00 213.00 OK
r-release-osx-x86_64 1.1.53 NOTE
r-oldrel-windows-ix86+x86_64 1.1.53 15.00 174.00 189.00 OK
r-oldrel-osx-x86_64 1.1.53 NOTE

Check Details

Version: 1.1.53
Check: dependencies in R code
Result: NOTE
    Namespace in Imports field not imported from: ‘circlize’
     All declared Imports should be used.
Flavors: r-devel-linux-x86_64-fedora-clang, r-devel-linux-x86_64-fedora-gcc, r-patched-osx-x86_64, r-patched-solaris-x86, r-release-osx-x86_64, r-oldrel-osx-x86_64

Version: 1.1.53
Check: re-building of vignette outputs
Result: WARN
    Error(s) in re-building vignettes:
    --- re-building ‘CINNA.Rmd’ using rmarkdown
    
    Attaching package: 'igraph'
    
    The following objects are masked from 'package:stats':
    
     decompose, spectrum
    
    The following object is masked from 'package:base':
    
     union
    
    Loading required namespace: circlize
    `geom_smooth()` using formula 'y ~ x'
    dyld: lazy symbol binding failed: Symbol not found: ____chkstk_darwin
     Referenced from: /usr/local/bin/pandoc (which was built for Mac OS X 10.15)
     Expected in: /usr/lib/libSystem.B.dylib
    
    dyld: Symbol not found: ____chkstk_darwin
     Referenced from: /usr/local/bin/pandoc (which was built for Mac OS X 10.15)
     Expected in: /usr/lib/libSystem.B.dylib
    
    Error: processing vignette 'CINNA.Rmd' failed with diagnostics:
    pandoc document conversion failed with error 6
    --- failed re-building ‘CINNA.Rmd’
    
    SUMMARY: processing the following file failed:
     ‘CINNA.Rmd’
    
    Error: Vignette re-building failed.
    Execution halted
Flavor: r-patched-osx-x86_64