CRAN Package Check Results for Package CARE1

Last updated on 2020-04-25 01:52:57 CEST.

Flavor Version Tinstall Tcheck Ttotal Status Flags
r-devel-linux-x86_64-debian-clang 1.1.0 2.84 42.78 45.62 NOTE
r-devel-linux-x86_64-debian-gcc 1.1.0 2.22 33.50 35.72 NOTE
r-devel-linux-x86_64-fedora-clang 1.1.0 56.11 NOTE
r-devel-linux-x86_64-fedora-gcc 1.1.0 55.08 NOTE
r-devel-windows-ix86+x86_64 1.1.0 7.00 75.00 82.00 NOTE
r-patched-linux-x86_64 1.1.0 2.80 42.77 45.57 NOTE
r-patched-osx-x86_64 1.1.0 NOTE
r-patched-solaris-x86 1.1.0 77.50 NOTE
r-release-linux-x86_64 1.1.0 2.30 38.94 41.24 NOTE
r-release-windows-ix86+x86_64 1.1.0 6.00 68.00 74.00 NOTE
r-release-osx-x86_64 1.1.0 NOTE
r-oldrel-windows-ix86+x86_64 1.1.0 3.00 43.00 46.00 NOTE
r-oldrel-osx-x86_64 1.1.0 NOTE

Check Details

Version: 1.1.0
Check: DESCRIPTION meta-information
Result: NOTE
    Malformed Title field: should not end in a period.
Flavors: r-devel-linux-x86_64-debian-clang, r-devel-linux-x86_64-debian-gcc, r-devel-linux-x86_64-fedora-clang, r-devel-linux-x86_64-fedora-gcc, r-devel-windows-ix86+x86_64, r-patched-linux-x86_64, r-patched-osx-x86_64, r-patched-solaris-x86, r-release-linux-x86_64, r-release-windows-ix86+x86_64, r-release-osx-x86_64, r-oldrel-windows-ix86+x86_64, r-oldrel-osx-x86_64

Version: 1.1.0
Check: R code for possible problems
Result: NOTE
    Sub.pair: no visible global function definition for 'qnorm'
    as.record: no visible global function definition for 'capture.output'
    estN: no visible global function definition for 'sd'
    estN: no visible global function definition for 'qnorm'
    estN.bootstrap: no visible global function definition for 'runif'
    Undefined global functions or variables:
     capture.output qnorm runif sd
    Consider adding
     importFrom("stats", "qnorm", "runif", "sd")
     importFrom("utils", "capture.output")
    to your NAMESPACE file.
Flavors: r-devel-linux-x86_64-debian-clang, r-devel-linux-x86_64-debian-gcc, r-devel-linux-x86_64-fedora-clang, r-devel-linux-x86_64-fedora-gcc, r-devel-windows-ix86+x86_64, r-patched-linux-x86_64, r-patched-osx-x86_64, r-patched-solaris-x86, r-release-linux-x86_64, r-release-windows-ix86+x86_64, r-release-osx-x86_64, r-oldrel-windows-ix86+x86_64, r-oldrel-osx-x86_64