Last updated on 2020-04-25 01:52:56 CEST.
Flavor | Version | Tinstall | Tcheck | Ttotal | Status | Flags |
---|---|---|---|---|---|---|
r-devel-linux-x86_64-debian-clang | 1.0.8 | 104.63 | 85.56 | 190.19 | OK | |
r-devel-linux-x86_64-debian-gcc | 1.0.8 | 84.66 | 72.14 | 156.80 | OK | |
r-devel-linux-x86_64-fedora-clang | 1.0.8 | 243.20 | NOTE | |||
r-devel-linux-x86_64-fedora-gcc | 1.0.8 | 250.67 | OK | |||
r-devel-windows-ix86+x86_64 | 1.0.8 | 208.00 | 191.00 | 399.00 | OK | |
r-patched-linux-x86_64 | 1.0.8 | 96.95 | 89.15 | 186.10 | OK | |
r-patched-osx-x86_64 | 1.0.8 | NOTE | ||||
r-patched-solaris-x86 | 1.0.8 | 252.40 | OK | |||
r-release-linux-x86_64 | 1.0.8 | 97.46 | 80.63 | 178.09 | OK | |
r-release-windows-ix86+x86_64 | 1.0.8 | 181.00 | 126.00 | 307.00 | OK | |
r-release-osx-x86_64 | 1.0.8 | NOTE | ||||
r-oldrel-windows-ix86+x86_64 | 1.0.8 | 116.00 | 149.00 | 265.00 | OK | |
r-oldrel-osx-x86_64 | 1.0.8 | NOTE |
Version: 1.0.8
Check: installed package size
Result: NOTE
installed size is 28.1Mb
sub-directories of 1Mb or more:
libs 27.0Mb
Flavors: r-devel-linux-x86_64-fedora-clang, r-patched-osx-x86_64, r-release-osx-x86_64, r-oldrel-osx-x86_64