CRAN Package Check Results for Package BayesSummaryStatLM

Last updated on 2020-04-25 01:52:55 CEST.

Flavor Version Tinstall Tcheck Ttotal Status Flags
r-devel-linux-x86_64-debian-clang 1.0-1 3.85 33.14 36.99 NOTE
r-devel-linux-x86_64-debian-gcc 1.0-1 3.46 26.75 30.21 NOTE
r-devel-linux-x86_64-fedora-clang 1.0-1 46.32 NOTE
r-devel-linux-x86_64-fedora-gcc 1.0-1 45.98 NOTE
r-devel-windows-ix86+x86_64 1.0-1 11.00 60.00 71.00 NOTE
r-patched-linux-x86_64 1.0-1 4.38 32.93 37.31 NOTE
r-patched-osx-x86_64 1.0-1 NOTE
r-patched-solaris-x86 1.0-1 70.00 NOTE
r-release-linux-x86_64 1.0-1 3.82 30.54 34.36 NOTE
r-release-windows-ix86+x86_64 1.0-1 10.00 42.00 52.00 NOTE
r-release-osx-x86_64 1.0-1 NOTE
r-oldrel-windows-ix86+x86_64 1.0-1 3.00 53.00 56.00 NOTE
r-oldrel-osx-x86_64 1.0-1 NOTE

Check Details

Version: 1.0-1
Check: R code for possible problems
Result: NOTE
    bayes.regress: no visible binding for global variable 'var'
    bayesregressB1S1: no visible global function definition for 'rgamma'
    bayesregressB1S2: no visible global function definition for 'rgamma'
    bayesregressB2S1: no visible global function definition for 'rgamma'
    bayesregressB2S2: no visible global function definition for 'rgamma'
    bayesregressB3S1: no visible global function definition for 'rWishart'
    bayesregressB3S1: no visible global function definition for 'rgamma'
    bayesregressB3S2: no visible global function definition for 'rWishart'
    bayesregressB3S2: no visible global function definition for 'rgamma'
    Undefined global functions or variables:
     rWishart rgamma var
    Consider adding
     importFrom("stats", "rWishart", "rgamma", "var")
    to your NAMESPACE file.
Flavors: r-devel-linux-x86_64-debian-clang, r-devel-linux-x86_64-debian-gcc, r-devel-linux-x86_64-fedora-clang, r-devel-linux-x86_64-fedora-gcc, r-devel-windows-ix86+x86_64, r-patched-linux-x86_64, r-patched-osx-x86_64, r-patched-solaris-x86, r-release-linux-x86_64, r-release-windows-ix86+x86_64, r-release-osx-x86_64, r-oldrel-windows-ix86+x86_64, r-oldrel-osx-x86_64