CRAN Package Check Results for Package BayesNetBP

Last updated on 2020-04-25 01:52:55 CEST.

Flavor Version Tinstall Tcheck Ttotal Status Flags
r-devel-linux-x86_64-debian-clang 1.5.2 20.39 162.29 182.68 NOTE
r-devel-linux-x86_64-debian-gcc 1.5.2 17.17 122.95 140.12 NOTE
r-devel-linux-x86_64-fedora-clang 1.5.2 224.68 NOTE
r-devel-linux-x86_64-fedora-gcc 1.5.2 223.69 NOTE
r-devel-windows-ix86+x86_64 1.5.2 69.00 223.00 292.00 NOTE
r-patched-linux-x86_64 1.5.2 19.04 156.25 175.29 NOTE
r-patched-osx-x86_64 1.5.2 NOTE
r-patched-solaris-x86 1.5.2 330.00 NOTE
r-release-linux-x86_64 1.5.2 17.03 139.08 156.11 NOTE
r-release-windows-ix86+x86_64 1.5.2 50.00 207.00 257.00 NOTE
r-release-osx-x86_64 1.5.2 NOTE
r-oldrel-windows-ix86+x86_64 1.4.0 5.00 7.00 12.00 ERROR
r-oldrel-osx-x86_64 1.4.0 OK

Check Details

Version: 1.5.2
Check: package dependencies
Result: NOTE
    Package suggested but not available for checking: 'cyjShiny'
Flavors: r-devel-linux-x86_64-debian-clang, r-devel-linux-x86_64-debian-gcc, r-devel-linux-x86_64-fedora-clang, r-devel-linux-x86_64-fedora-gcc, r-devel-windows-ix86+x86_64, r-patched-linux-x86_64, r-patched-osx-x86_64, r-patched-solaris-x86, r-release-linux-x86_64, r-release-windows-ix86+x86_64, r-release-osx-x86_64

Version: 1.4.0
Check: whether package can be installed
Result: ERROR
    Installation failed.
Flavor: r-oldrel-windows-ix86+x86_64