Last updated on 2020-04-25 01:52:55 CEST.
Flavor | Version | Tinstall | Tcheck | Ttotal | Status | Flags |
---|---|---|---|---|---|---|
r-devel-linux-x86_64-debian-clang | 0.1.2 | 88.47 | 190.00 | 278.47 | OK | |
r-devel-linux-x86_64-debian-gcc | 0.1.2 | 59.65 | 149.59 | 209.24 | OK | |
r-devel-linux-x86_64-fedora-clang | 0.1.2 | 369.77 | NOTE | |||
r-devel-linux-x86_64-fedora-gcc | 0.1.2 | 348.03 | OK | |||
r-devel-windows-ix86+x86_64 | 0.1.2 | 212.00 | 310.00 | 522.00 | OK | |
r-patched-linux-x86_64 | 0.1.2 | 71.22 | 183.73 | 254.95 | OK | |
r-patched-osx-x86_64 | 0.1.2 | WARN | ||||
r-patched-solaris-x86 | 0.1.2 | 459.80 | OK | |||
r-release-linux-x86_64 | 0.1.2 | 66.94 | 183.14 | 250.08 | OK | |
r-release-windows-ix86+x86_64 | 0.1.2 | 193.00 | 279.00 | 472.00 | OK | |
r-release-osx-x86_64 | 0.1.2 | OK | ||||
r-oldrel-windows-ix86+x86_64 | 0.1.2 | 148.00 | 200.00 | 348.00 | OK | |
r-oldrel-osx-x86_64 | 0.1.2 | OK |
Version: 0.1.2
Check: installed package size
Result: NOTE
installed size is 5.3Mb
sub-directories of 1Mb or more:
libs 5.0Mb
Flavor: r-devel-linux-x86_64-fedora-clang
Version: 0.1.2
Check: re-building of vignette outputs
Result: WARN
Error(s) in re-building vignettes:
...
--- re-building ‘BayesLogNormal.Rmd’ using rmarkdown
dyld: lazy symbol binding failed: Symbol not found: ____chkstk_darwin
Referenced from: /usr/local/bin/pandoc (which was built for Mac OS X 10.15)
Expected in: /usr/lib/libSystem.B.dylib
dyld: Symbol not found: ____chkstk_darwin
Referenced from: /usr/local/bin/pandoc (which was built for Mac OS X 10.15)
Expected in: /usr/lib/libSystem.B.dylib
Error: processing vignette 'BayesLogNormal.Rmd' failed with diagnostics:
pandoc document conversion failed with error 6
--- failed re-building ‘BayesLogNormal.Rmd’
SUMMARY: processing the following file failed:
‘BayesLogNormal.Rmd’
Error: Vignette re-building failed.
Execution halted
Flavor: r-patched-osx-x86_64