Last updated on 2020-04-25 01:52:55 CEST.
Flavor | Version | Tinstall | Tcheck | Ttotal | Status | Flags |
---|---|---|---|---|---|---|
r-devel-linux-x86_64-debian-clang | 0.9.12-4.2 | 276.92 | 304.25 | 581.17 | OK | |
r-devel-linux-x86_64-debian-gcc | 0.9.12-4.2 | 178.47 | 226.53 | 405.00 | OK | |
r-devel-linux-x86_64-fedora-clang | 0.9.12-4.2 | 741.63 | NOTE | |||
r-devel-linux-x86_64-fedora-gcc | 0.9.12-4.2 | 693.62 | OK | |||
r-devel-windows-ix86+x86_64 | 0.9.12-4.2 | 645.00 | 470.00 | 1115.00 | NOTE | |
r-patched-linux-x86_64 | 0.9.12-4.2 | 216.52 | 287.75 | 504.27 | OK | |
r-patched-osx-x86_64 | 0.9.12-4.2 | NOTE | ||||
r-patched-solaris-x86 | 0.9.12-4.2 | 776.60 | NOTE | |||
r-release-linux-x86_64 | 0.9.12-4.2 | 217.85 | 265.58 | 483.43 | OK | |
r-release-windows-ix86+x86_64 | 0.9.12-4.2 | 560.00 | 425.00 | 985.00 | NOTE | |
r-release-osx-x86_64 | 0.9.12-4.2 | NOTE | ||||
r-oldrel-windows-ix86+x86_64 | 0.9.12-4.2 | 342.00 | 417.00 | 759.00 | NOTE | |
r-oldrel-osx-x86_64 | 0.9.12-4.2 | NOTE |
Version: 0.9.12-4.2
Check: installed package size
Result: NOTE
installed size is 22.6Mb
sub-directories of 1Mb or more:
doc 5.4Mb
libs 16.0Mb
Flavors: r-devel-linux-x86_64-fedora-clang, r-devel-windows-ix86+x86_64, r-patched-osx-x86_64, r-patched-solaris-x86, r-release-windows-ix86+x86_64, r-release-osx-x86_64, r-oldrel-windows-ix86+x86_64, r-oldrel-osx-x86_64
Version: 0.9.12-4.2
Check: package dependencies
Result: NOTE
Package suggested but not available for checking: 'doMC'
Flavors: r-devel-windows-ix86+x86_64, r-release-windows-ix86+x86_64, r-oldrel-windows-ix86+x86_64