CRAN Package Check Results for Package BVSNLP

Last updated on 2020-04-25 01:52:57 CEST.

Flavor Version Tinstall Tcheck Ttotal Status Flags
r-devel-linux-x86_64-debian-clang 1.1.8 84.88 36.46 121.34 OK
r-devel-linux-x86_64-debian-gcc 1.1.8 62.08 29.87 91.95 OK
r-devel-linux-x86_64-fedora-clang 1.1.8 153.32 NOTE
r-devel-linux-x86_64-fedora-gcc 1.1.8 155.53 OK
r-devel-windows-ix86+x86_64 1.1.8 166.00 121.00 287.00 OK
r-patched-linux-x86_64 1.1.8 67.02 38.04 105.06 OK
r-patched-osx-x86_64 1.1.8 NOTE
r-patched-solaris-x86 1.1.8 161.20 OK
r-release-linux-x86_64 1.1.8 73.00 35.55 108.55 OK
r-release-windows-ix86+x86_64 1.1.8 152.00 88.00 240.00 OK
r-release-osx-x86_64 1.1.8 NOTE
r-oldrel-windows-ix86+x86_64 1.1.8 113.00 108.00 221.00 OK
r-oldrel-osx-x86_64 1.1.8 NOTE

Check Details

Version: 1.1.8
Check: installed package size
Result: NOTE
     installed size is 18.1Mb
     sub-directories of 1Mb or more:
     libs 17.9Mb
Flavors: r-devel-linux-x86_64-fedora-clang, r-patched-osx-x86_64, r-release-osx-x86_64, r-oldrel-osx-x86_64

Version: 1.1.8
Check: package dependencies
Result: NOTE
    Package suggested but not available for checking: ‘doMPI’
Flavors: r-patched-osx-x86_64, r-release-osx-x86_64, r-oldrel-osx-x86_64