CRAN Package Check Results for Package BOG

Last updated on 2020-04-25 01:52:56 CEST.

Flavor Version Tinstall Tcheck Ttotal Status Flags
r-devel-linux-x86_64-debian-clang 2.0 3.05 38.32 41.37 NOTE
r-devel-linux-x86_64-debian-gcc 2.0 2.33 29.35 31.68 NOTE
r-devel-linux-x86_64-fedora-clang 2.0 50.52 NOTE
r-devel-linux-x86_64-fedora-gcc 2.0 49.37 NOTE
r-devel-windows-ix86+x86_64 2.0 8.00 69.00 77.00 NOTE
r-patched-linux-x86_64 2.0 3.31 36.87 40.18 NOTE
r-patched-osx-x86_64 2.0 NOTE
r-patched-solaris-x86 2.0 73.90 NOTE
r-release-linux-x86_64 2.0 2.39 33.96 36.35 NOTE
r-release-windows-ix86+x86_64 2.0 8.00 45.00 53.00 NOTE
r-release-osx-x86_64 2.0 NOTE
r-oldrel-windows-ix86+x86_64 2.0 4.00 65.00 69.00 NOTE
r-oldrel-osx-x86_64 2.0 NOTE

Check Details

Version: 2.0
Check: R code for possible problems
Result: NOTE
    BOGest: no visible global function definition for 'read.table'
    BOGstat: no visible global function definition for 'phyper'
    BOGstat: no visible global function definition for 'wilcox.test'
    BOGstat: no visible global function definition for 'p.adjust'
    gseaplot: no visible global function definition for 'par'
    gseaplot: no visible global function definition for 'points'
    gseaplot: no visible global function definition for 'axis'
    gseaplot: no visible global function definition for 'segments'
    hgplot: no visible global function definition for 'par'
    hgplot: no visible global function definition for 'barplot'
    Undefined global functions or variables:
     axis barplot p.adjust par phyper points read.table segments
     wilcox.test
    Consider adding
     importFrom("graphics", "axis", "barplot", "par", "points", "segments")
     importFrom("stats", "p.adjust", "phyper", "wilcox.test")
     importFrom("utils", "read.table")
    to your NAMESPACE file.
Flavors: r-devel-linux-x86_64-debian-clang, r-devel-linux-x86_64-debian-gcc, r-devel-linux-x86_64-fedora-clang, r-devel-linux-x86_64-fedora-gcc, r-devel-windows-ix86+x86_64, r-patched-linux-x86_64, r-patched-osx-x86_64, r-patched-solaris-x86

Version: 2.0
Check: R code for possible problems
Result: NOTE
    BOGest: no visible global function definition for ‘read.table’
    BOGstat: no visible global function definition for ‘phyper’
    BOGstat: no visible global function definition for ‘wilcox.test’
    BOGstat: no visible global function definition for ‘p.adjust’
    gseaplot: no visible global function definition for ‘par’
    gseaplot: no visible global function definition for ‘plot’
    gseaplot: no visible global function definition for ‘points’
    gseaplot: no visible global function definition for ‘axis’
    gseaplot: no visible global function definition for ‘segments’
    hgplot: no visible global function definition for ‘par’
    hgplot: no visible global function definition for ‘barplot’
    Undefined global functions or variables:
     axis barplot p.adjust par phyper plot points read.table segments
     wilcox.test
    Consider adding
     importFrom("graphics", "axis", "barplot", "par", "plot", "points",
     "segments")
     importFrom("stats", "p.adjust", "phyper", "wilcox.test")
     importFrom("utils", "read.table")
    to your NAMESPACE file.
Flavors: r-release-linux-x86_64, r-release-windows-ix86+x86_64, r-release-osx-x86_64, r-oldrel-windows-ix86+x86_64, r-oldrel-osx-x86_64