CRAN Package Check Results for Package BNDataGenerator

Last updated on 2020-04-25 01:52:56 CEST.

Flavor Version Tinstall Tcheck Ttotal Status Flags
r-devel-linux-x86_64-debian-clang 1.0 2.45 19.92 22.37 NOTE
r-devel-linux-x86_64-debian-gcc 1.0 2.03 15.98 18.01 NOTE
r-devel-linux-x86_64-fedora-clang 1.0 27.95 NOTE
r-devel-linux-x86_64-fedora-gcc 1.0 27.37 NOTE
r-devel-windows-ix86+x86_64 1.0 7.00 44.00 51.00 NOTE
r-patched-linux-x86_64 1.0 2.42 19.86 22.28 NOTE
r-patched-osx-x86_64 1.0 NOTE
r-patched-solaris-x86 1.0 43.50 NOTE
r-release-linux-x86_64 1.0 1.96 18.47 20.43 NOTE
r-release-windows-ix86+x86_64 1.0 6.00 28.00 34.00 NOTE
r-release-osx-x86_64 1.0 NOTE
r-oldrel-windows-ix86+x86_64 1.0 3.00 42.00 45.00 NOTE
r-oldrel-osx-x86_64 1.0 NOTE

Check Details

Version: 1.0
Check: DESCRIPTION meta-information
Result: NOTE
    Malformed Description field: should contain one or more complete sentences.
Flavors: r-devel-linux-x86_64-debian-clang, r-devel-linux-x86_64-debian-gcc, r-devel-linux-x86_64-fedora-clang, r-devel-linux-x86_64-fedora-gcc, r-devel-windows-ix86+x86_64, r-patched-linux-x86_64, r-patched-osx-x86_64, r-patched-solaris-x86, r-release-linux-x86_64, r-release-windows-ix86+x86_64, r-release-osx-x86_64, r-oldrel-windows-ix86+x86_64, r-oldrel-osx-x86_64

Version: 1.0
Check: R code for possible problems
Result: NOTE
    make_topology: no visible global function definition for 'runif'
    Undefined global functions or variables:
     runif
    Consider adding
     importFrom("stats", "runif")
    to your NAMESPACE file.
Flavors: r-devel-linux-x86_64-debian-clang, r-devel-linux-x86_64-debian-gcc, r-devel-linux-x86_64-fedora-clang, r-devel-linux-x86_64-fedora-gcc, r-devel-windows-ix86+x86_64, r-patched-linux-x86_64, r-patched-osx-x86_64, r-patched-solaris-x86, r-release-linux-x86_64, r-release-windows-ix86+x86_64, r-release-osx-x86_64, r-oldrel-windows-ix86+x86_64, r-oldrel-osx-x86_64