CRAN Package Check Results for Package BAT

Last updated on 2020-04-25 01:52:55 CEST.

Flavor Version Tinstall Tcheck Ttotal Status Flags
r-devel-linux-x86_64-debian-clang 2.0.1 22.55 181.05 203.60 OK
r-devel-linux-x86_64-debian-gcc 2.0.1 18.86 135.16 154.02 OK
r-devel-linux-x86_64-fedora-clang 2.0.1 235.27 OK
r-devel-linux-x86_64-fedora-gcc 2.0.1 237.71 OK
r-devel-windows-ix86+x86_64 2.0.1 62.00 242.00 304.00 OK
r-patched-linux-x86_64 2.0.1 19.64 171.87 191.51 OK
r-patched-osx-x86_64 2.0.1 OK
r-patched-solaris-x86 2.0.1 333.00 OK
r-release-linux-x86_64 2.0.1 15.44 155.48 170.92 OK
r-release-windows-ix86+x86_64 2.0.1 49.00 160.00 209.00 OK
r-release-osx-x86_64 2.0.1 WARN
r-oldrel-windows-ix86+x86_64 2.0.1 22.00 163.00 185.00 OK
r-oldrel-osx-x86_64 2.0.0 WARN

Check Details

Version: 2.0.1
Check: whether package can be installed
Result: WARN
    Found the following significant warnings:
     Warning: 'rgl.init' failed, running with 'rgl.useNULL = TRUE'.
Flavor: r-release-osx-x86_64

Version: 2.0.0
Check: whether package can be installed
Result: WARN
    Found the following significant warnings:
     Warning: 'rgl_init' failed, running with rgl.useNULL = TRUE
Flavor: r-oldrel-osx-x86_64

Version: 2.0.0
Check: dependencies in R code
Result: NOTE
    No protocol specified
Flavor: r-oldrel-osx-x86_64

Version: 2.0.0
Check: S3 generic/method consistency
Result: WARN
    No protocol specified
    See section ‘Generic functions and methods’ in the ‘Writing R
    Extensions’ manual.
Flavor: r-oldrel-osx-x86_64

Version: 2.0.0
Check: replacement functions
Result: WARN
    No protocol specified
    The argument of a replacement function which corresponds to the right
    hand side must be named ‘value’.
Flavor: r-oldrel-osx-x86_64

Version: 2.0.0
Check: foreign function calls
Result: NOTE
    No protocol specified
    See chapter ‘System and foreign language interfaces’ in the ‘Writing R
    Extensions’ manual.
Flavor: r-oldrel-osx-x86_64

Version: 2.0.0
Check: R code for possible problems
Result: NOTE
    No protocol specified
Flavor: r-oldrel-osx-x86_64

Version: 2.0.0
Check: for missing documentation entries
Result: WARN
    No protocol specified
    All user-level objects in a package should have documentation entries.
    See chapter ‘Writing R documentation files’ in the ‘Writing R
    Extensions’ manual.
Flavor: r-oldrel-osx-x86_64

Version: 2.0.0
Check: for code/documentation mismatches
Result: WARN
    No protocol specified
    No protocol specified
    No protocol specified
Flavor: r-oldrel-osx-x86_64

Version: 2.0.0
Check: Rd \usage sections
Result: NOTE
    No protocol specified
    The \usage entries for S3 methods should use the \method markup and not
    their full name.
    See chapter ‘Writing R documentation files’ in the ‘Writing R
    Extensions’ manual.
Flavor: r-oldrel-osx-x86_64