CRAN Package Check Results for Package BASiNET

Last updated on 2020-04-25 01:52:55 CEST.

Flavor Version Tinstall Tcheck Ttotal Status Flags
r-devel-linux-x86_64-debian-clang 0.0.4 18.65 189.29 207.94 OK
r-devel-linux-x86_64-debian-gcc 0.0.4 15.70 145.74 161.44 OK
r-devel-linux-x86_64-fedora-clang 0.0.4 253.88 OK
r-devel-linux-x86_64-fedora-gcc 0.0.4 256.71 OK
r-devel-windows-ix86+x86_64 0.0.4 51.00 214.00 265.00 OK
r-patched-linux-x86_64 0.0.4 18.94 184.61 203.55 OK
r-patched-osx-x86_64 0.0.4 WARN
r-release-linux-x86_64 0.0.4 18.58 167.99 186.57 OK
r-release-windows-ix86+x86_64 0.0.4 37.00 197.00 234.00 OK
r-release-osx-x86_64 0.0.4 OK
r-oldrel-windows-ix86+x86_64 0.0.4 17.00 158.00 175.00 OK
r-oldrel-osx-x86_64 0.0.4 OK

Check Details

Version: 0.0.4
Check: re-building of vignette outputs
Result: WARN
    Error(s) in re-building vignettes:
     ...
    --- re-building ‘BASiNET.Rmd’ using rmarkdown
    dyld: lazy symbol binding failed: Symbol not found: ____chkstk_darwin
     Referenced from: /usr/local/bin/pandoc (which was built for Mac OS X 10.15)
     Expected in: /usr/lib/libSystem.B.dylib
    
    dyld: Symbol not found: ____chkstk_darwin
     Referenced from: /usr/local/bin/pandoc (which was built for Mac OS X 10.15)
     Expected in: /usr/lib/libSystem.B.dylib
    
    Error: processing vignette 'BASiNET.Rmd' failed with diagnostics:
    pandoc document conversion failed with error 6
    --- failed re-building ‘BASiNET.Rmd’
    
    SUMMARY: processing the following file failed:
     ‘BASiNET.Rmd’
    
    Error: Vignette re-building failed.
    Execution halted
Flavor: r-patched-osx-x86_64