CRAN Package Check Results for Package BART

Last updated on 2020-04-25 01:52:55 CEST.

Flavor Version Tinstall Tcheck Ttotal Status Flags
r-devel-linux-x86_64-debian-clang 2.7 174.70 166.42 341.12 OK
r-devel-linux-x86_64-debian-gcc 2.7 110.35 122.86 233.21 OK
r-devel-linux-x86_64-fedora-clang 2.7 462.11 NOTE
r-devel-linux-x86_64-fedora-gcc 2.7 405.96 OK
r-devel-windows-ix86+x86_64 2.7 395.00 266.00 661.00 NOTE
r-patched-linux-x86_64 2.7 135.86 159.86 295.72 OK
r-patched-osx-x86_64 2.7 NOTE
r-patched-solaris-x86 2.7 483.40 NOTE
r-release-linux-x86_64 2.7 134.00 147.22 281.22 OK
r-release-windows-ix86+x86_64 2.7 383.00 245.00 628.00 NOTE
r-release-osx-x86_64 2.7 NOTE
r-oldrel-windows-ix86+x86_64 2.7 271.00 190.00 461.00 NOTE
r-oldrel-osx-x86_64 2.7 NOTE

Check Details

Version: 2.7
Check: installed package size
Result: NOTE
     installed size is 11.4Mb
     sub-directories of 1Mb or more:
     data 3.2Mb
     doc 1.1Mb
     libs 5.9Mb
Flavors: r-devel-linux-x86_64-fedora-clang, r-devel-windows-ix86+x86_64, r-patched-osx-x86_64, r-patched-solaris-x86, r-release-windows-ix86+x86_64, r-release-osx-x86_64, r-oldrel-windows-ix86+x86_64, r-oldrel-osx-x86_64