CRAN Package Check Results for Package Anthropometry

Last updated on 2020-04-25 01:52:55 CEST.

Flavor Version Tinstall Tcheck Ttotal Status Flags
r-devel-linux-x86_64-debian-clang 1.14 16.37 122.36 138.73 OK
r-devel-linux-x86_64-debian-gcc 1.14 13.24 94.02 107.26 OK
r-devel-linux-x86_64-fedora-clang 1.14 165.84 OK
r-devel-linux-x86_64-fedora-gcc 1.14 165.67 OK
r-devel-windows-ix86+x86_64 1.14 56.00 253.00 309.00 OK
r-patched-linux-x86_64 1.14 15.37 118.49 133.86 OK
r-patched-osx-x86_64 1.14 OK
r-patched-solaris-x86 1.14 225.70 OK
r-release-linux-x86_64 1.14 14.24 108.38 122.62 OK
r-release-windows-ix86+x86_64 1.14 43.00 238.00 281.00 OK
r-release-osx-x86_64 1.14 WARN
r-oldrel-windows-ix86+x86_64 1.14 20.00 168.00 188.00 OK
r-oldrel-osx-x86_64 1.13 WARN

Check Details

Version: 1.14
Check: whether package can be installed
Result: WARN
    Found the following significant warnings:
     Warning: 'rgl.init' failed, running with 'rgl.useNULL = TRUE'.
Flavor: r-release-osx-x86_64

Version: 1.13
Check: whether package can be installed
Result: WARN
    Found the following significant warnings:
     Warning: 'rgl_init' failed, running with rgl.useNULL = TRUE
Flavor: r-oldrel-osx-x86_64

Version: 1.13
Check: dependencies in R code
Result: NOTE
    No protocol specified
Flavor: r-oldrel-osx-x86_64

Version: 1.13
Check: S3 generic/method consistency
Result: WARN
    No protocol specified
    See section ‘Generic functions and methods’ in the ‘Writing R
    Extensions’ manual.
Flavor: r-oldrel-osx-x86_64

Version: 1.13
Check: replacement functions
Result: WARN
    No protocol specified
    The argument of a replacement function which corresponds to the right
    hand side must be named ‘value’.
Flavor: r-oldrel-osx-x86_64

Version: 1.13
Check: foreign function calls
Result: NOTE
    No protocol specified
    See chapter ‘System and foreign language interfaces’ in the ‘Writing R
    Extensions’ manual.
Flavor: r-oldrel-osx-x86_64

Version: 1.13
Check: R code for possible problems
Result: NOTE
    No protocol specified
Flavor: r-oldrel-osx-x86_64

Version: 1.13
Check: for missing documentation entries
Result: WARN
    No protocol specified
    All user-level objects in a package should have documentation entries.
    See chapter ‘Writing R documentation files’ in the ‘Writing R
    Extensions’ manual.
Flavor: r-oldrel-osx-x86_64

Version: 1.13
Check: for code/documentation mismatches
Result: WARN
    No protocol specified
    No protocol specified
    No protocol specified
Flavor: r-oldrel-osx-x86_64

Version: 1.13
Check: Rd \usage sections
Result: NOTE
    No protocol specified
    The \usage entries for S3 methods should use the \method markup and not
    their full name.
    See chapter ‘Writing R documentation files’ in the ‘Writing R
    Extensions’ manual.
Flavor: r-oldrel-osx-x86_64