CRAN Package Check Results for Package AnthropMMD

Last updated on 2020-04-25 01:52:55 CEST.

Flavor Version Tinstall Tcheck Ttotal Status Flags
r-devel-linux-x86_64-debian-clang 3.0.1 15.39 113.59 128.98 OK
r-devel-linux-x86_64-debian-gcc 3.0.1 11.20 88.66 99.86 OK
r-devel-linux-x86_64-fedora-clang 3.0.1 167.75 OK
r-devel-linux-x86_64-fedora-gcc 3.0.1 156.73 OK
r-devel-windows-ix86+x86_64 3.0.1 67.00 192.00 259.00 OK
r-patched-linux-x86_64 3.0.1 12.62 109.62 122.24 OK
r-patched-osx-x86_64 3.0.1 WARN
r-patched-solaris-x86 3.0.1 225.30 OK
r-release-linux-x86_64 3.0.1 8.13 101.12 109.25 OK
r-release-windows-ix86+x86_64 3.0.1 38.00 175.00 213.00 OK
r-release-osx-x86_64 3.0.1 OK
r-oldrel-windows-ix86+x86_64 3.0.1 19.00 118.00 137.00 OK
r-oldrel-osx-x86_64 3.0.1 OK

Check Details

Version: 3.0.1
Check: re-building of vignette outputs
Result: WARN
    Error(s) in re-building vignettes:
     ...
    --- re-building ‘intro_AnthropMMD.Rmd’ using rmarkdown
    dyld: lazy symbol binding failed: Symbol not found: ____chkstk_darwin
     Referenced from: /usr/local/bin/pandoc (which was built for Mac OS X 10.15)
     Expected in: /usr/lib/libSystem.B.dylib
    
    dyld: Symbol not found: ____chkstk_darwin
     Referenced from: /usr/local/bin/pandoc (which was built for Mac OS X 10.15)
     Expected in: /usr/lib/libSystem.B.dylib
    
    Error: processing vignette 'intro_AnthropMMD.Rmd' failed with diagnostics:
    pandoc document conversion failed with error 6
    --- failed re-building ‘intro_AnthropMMD.Rmd’
    
    SUMMARY: processing the following file failed:
     ‘intro_AnthropMMD.Rmd’
    
    Error: Vignette re-building failed.
    Execution halted
Flavor: r-patched-osx-x86_64