CRAN Package Check Results for Package AntAngioCOOL

Last updated on 2020-04-25 01:52:55 CEST.

Flavor Version Tinstall Tcheck Ttotal Status Flags
r-devel-linux-x86_64-debian-clang 1.2 57.39 218.21 275.60 OK
r-devel-linux-x86_64-debian-gcc 1.2 53.90 169.69 223.59 OK
r-devel-linux-x86_64-fedora-clang 1.2 354.35 NOTE
r-devel-linux-x86_64-fedora-gcc 1.2 361.49 OK
r-devel-windows-ix86+x86_64 1.2 149.00 259.00 408.00 NOTE
r-patched-linux-x86_64 1.2 57.28 210.05 267.33 OK
r-patched-osx-x86_64 1.2 NOTE
r-release-linux-x86_64 1.2 52.95 197.61 250.56 OK
r-release-windows-ix86+x86_64 1.2 144.00 243.00 387.00 NOTE
r-release-osx-x86_64 1.2 NOTE
r-oldrel-windows-ix86+x86_64 1.2 50.00 172.00 222.00 NOTE
r-oldrel-osx-x86_64 1.2 NOTE

Check Details

Version: 1.2
Check: installed package size
Result: NOTE
     installed size is 35.4Mb
     sub-directories of 1Mb or more:
     R 35.3Mb
Flavors: r-devel-linux-x86_64-fedora-clang, r-devel-windows-ix86+x86_64, r-patched-osx-x86_64, r-release-windows-ix86+x86_64, r-release-osx-x86_64, r-oldrel-windows-ix86+x86_64, r-oldrel-osx-x86_64