CRAN Package Check Results for Package AnDE

Last updated on 2020-04-25 01:52:55 CEST.

Flavor Version Tinstall Tcheck Ttotal Status Flags
r-devel-linux-x86_64-debian-clang 1.0 3.13 24.34 27.47 NOTE
r-devel-linux-x86_64-debian-gcc 1.0 2.36 19.38 21.74 NOTE
r-devel-linux-x86_64-fedora-clang 1.0 33.93 NOTE
r-devel-linux-x86_64-fedora-gcc 1.0 33.46 NOTE
r-devel-windows-ix86+x86_64 1.0 9.00 49.00 58.00 NOTE
r-patched-linux-x86_64 1.0 2.84 23.96 26.80 NOTE
r-patched-osx-x86_64 1.0 NOTE
r-patched-solaris-x86 1.0 58.30 NOTE
r-release-linux-x86_64 1.0 2.32 22.15 24.47 NOTE
r-release-windows-ix86+x86_64 1.0 8.00 36.00 44.00 NOTE
r-release-osx-x86_64 1.0 NOTE
r-oldrel-windows-ix86+x86_64 1.0 4.00 65.00 69.00 NOTE
r-oldrel-osx-x86_64 1.0 NOTE

Check Details

Version: 1.0
Check: top-level files
Result: NOTE
    Non-standard files/directories found at top level:
     'AnDE.pdf' 'DESCRIPTION.dcf' 'helpme'
Flavors: r-devel-linux-x86_64-debian-clang, r-devel-linux-x86_64-debian-gcc, r-devel-linux-x86_64-fedora-clang, r-devel-linux-x86_64-fedora-gcc, r-patched-linux-x86_64, r-release-linux-x86_64

Version: 1.0
Check: dependencies in R code
Result: NOTE
    Packages in Depends field not imported from:
     'discretization' 'foreign' 'functional' 'stringr'
     These packages need to be imported from (in the NAMESPACE file)
     for when this namespace is loaded but not attached.
Flavors: r-devel-linux-x86_64-debian-clang, r-devel-linux-x86_64-debian-gcc, r-devel-linux-x86_64-fedora-clang, r-devel-linux-x86_64-fedora-gcc, r-devel-windows-ix86+x86_64, r-patched-linux-x86_64, r-patched-osx-x86_64, r-patched-solaris-x86, r-release-linux-x86_64, r-release-windows-ix86+x86_64, r-release-osx-x86_64, r-oldrel-windows-ix86+x86_64, r-oldrel-osx-x86_64

Version: 1.0
Check: R code for possible problems
Result: NOTE
    aode: no visible global function definition for 'Compose'
    mdl: no visible global function definition for 'cutPoints'
    setVar: no visible global function definition for 'Compose'
    Undefined global functions or variables:
     Compose cutPoints
Flavors: r-devel-linux-x86_64-debian-clang, r-devel-linux-x86_64-debian-gcc, r-devel-linux-x86_64-fedora-clang, r-devel-linux-x86_64-fedora-gcc, r-devel-windows-ix86+x86_64, r-patched-linux-x86_64, r-patched-osx-x86_64, r-patched-solaris-x86, r-release-linux-x86_64, r-release-windows-ix86+x86_64, r-release-osx-x86_64, r-oldrel-windows-ix86+x86_64, r-oldrel-osx-x86_64