CRAN Package Check Results for Package AmostraBrasil

Last updated on 2020-04-25 01:52:55 CEST.

Flavor Version Tinstall Tcheck Ttotal Status Flags
r-devel-linux-x86_64-debian-clang 1.2 4.60 38.76 43.36 NOTE
r-devel-linux-x86_64-debian-gcc 1.2 3.92 31.23 35.15 NOTE
r-devel-linux-x86_64-fedora-clang 1.2 55.28 NOTE
r-devel-linux-x86_64-fedora-gcc 1.2 54.93 NOTE
r-devel-windows-ix86+x86_64 1.2 14.00 76.00 90.00 OK
r-patched-linux-x86_64 1.2 4.74 37.93 42.67 NOTE
r-patched-osx-x86_64 1.2 NOTE
r-patched-solaris-x86 1.2 101.30 NOTE
r-release-linux-x86_64 1.2 3.46 35.01 38.47 OK
r-release-windows-ix86+x86_64 1.2 12.00 60.00 72.00 OK
r-release-osx-x86_64 1.2 NOTE
r-oldrel-windows-ix86+x86_64 1.2 6.00 61.00 67.00 OK
r-oldrel-osx-x86_64 1.2 NOTE

Check Details

Version: 1.2
Check: for non-standard things in the check directory
Result: NOTE
    Found the following files/directories:
     'Pindoba_domicilios.dbf' 'Pindoba_geo.dbf'
Flavors: r-devel-linux-x86_64-debian-clang, r-devel-linux-x86_64-debian-gcc, r-devel-linux-x86_64-fedora-clang, r-devel-linux-x86_64-fedora-gcc, r-patched-linux-x86_64, r-patched-solaris-x86

Version: 1.2
Check: data for non-ASCII characters
Result: NOTE
     Note: found 2380 marked UTF-8 strings
Flavors: r-devel-linux-x86_64-fedora-clang, r-devel-linux-x86_64-fedora-gcc, r-patched-osx-x86_64, r-patched-solaris-x86, r-release-osx-x86_64, r-oldrel-osx-x86_64