CRAN Package Check Results for Package Amelia

Last updated on 2020-04-25 01:52:55 CEST.

Flavor Version Tinstall Tcheck Ttotal Status Flags
r-devel-linux-x86_64-debian-clang 1.7.6 44.28 69.76 114.04 NOTE
r-devel-linux-x86_64-debian-gcc 1.7.6 29.57 54.56 84.13 NOTE
r-devel-linux-x86_64-fedora-clang 1.7.6 145.82 NOTE
r-devel-linux-x86_64-fedora-gcc 1.7.6 137.68 NOTE
r-devel-windows-ix86+x86_64 1.7.6 92.00 149.00 241.00 OK
r-patched-linux-x86_64 1.7.6 31.51 69.55 101.06 NOTE
r-patched-osx-x86_64 1.7.6 NOTE
r-patched-solaris-x86 1.7.6 164.70 NOTE
r-release-linux-x86_64 1.7.6 29.07 64.18 93.25 NOTE
r-release-windows-ix86+x86_64 1.7.6 89.00 102.00 191.00 OK
r-release-osx-x86_64 1.7.6 NOTE
r-oldrel-windows-ix86+x86_64 1.7.6 60.00 142.00 202.00 OK
r-oldrel-osx-x86_64 1.7.6 NOTE

Check Details

Version: 1.7.6
Check: package dependencies
Result: NOTE
    Package suggested but not available for checking: 'Zelig'
Flavors: r-devel-linux-x86_64-debian-clang, r-devel-linux-x86_64-debian-gcc, r-devel-linux-x86_64-fedora-clang, r-devel-linux-x86_64-fedora-gcc, r-patched-linux-x86_64, r-patched-osx-x86_64, r-patched-solaris-x86, r-release-linux-x86_64

Version: 1.7.6
Check: installed package size
Result: NOTE
     installed size is 5.2Mb
     sub-directories of 1Mb or more:
     libs 3.8Mb
Flavors: r-patched-osx-x86_64, r-release-osx-x86_64, r-oldrel-osx-x86_64

Version: 1.7.6
Check: dependencies in R code
Result: NOTE
    No protocol specified
    No protocol specified
Flavors: r-release-osx-x86_64, r-oldrel-osx-x86_64