CRAN Package Check Results for Package AdhereR

Last updated on 2020-04-25 01:52:54 CEST.

Flavor Version Tinstall Tcheck Ttotal Status Flags
r-devel-linux-x86_64-debian-clang 0.5 21.00 143.11 164.11 OK
r-devel-linux-x86_64-debian-gcc 0.5 15.83 118.48 134.31 OK
r-devel-linux-x86_64-fedora-clang 0.5 170.17 OK
r-devel-linux-x86_64-fedora-gcc 0.5 165.10 OK
r-devel-windows-ix86+x86_64 0.5 61.00 188.00 249.00 OK
r-patched-linux-x86_64 0.5 20.65 141.40 162.05 OK
r-patched-osx-x86_64 0.5 WARN
r-patched-solaris-x86 0.5 225.10 NOTE
r-release-linux-x86_64 0.5 14.65 129.52 144.17 OK
r-release-windows-ix86+x86_64 0.5 47.00 190.00 237.00 OK
r-release-osx-x86_64 0.5 OK
r-oldrel-windows-ix86+x86_64 0.5 20.00 126.00 146.00 OK
r-oldrel-osx-x86_64 0.5 OK

Check Details

Version: 0.5
Check: re-building of vignette outputs
Result: WARN
    Error(s) in re-building vignettes:
    --- re-building ‘AdhereR-overview.Rmd’ using rmarkdown
    dyld: lazy symbol binding failed: Symbol not found: ____chkstk_darwin
     Referenced from: /usr/local/bin/pandoc (which was built for Mac OS X 10.15)
     Expected in: /usr/lib/libSystem.B.dylib
    
    dyld: Symbol not found: ____chkstk_darwin
     Referenced from: /usr/local/bin/pandoc (which was built for Mac OS X 10.15)
     Expected in: /usr/lib/libSystem.B.dylib
    
    Error: processing vignette 'AdhereR-overview.Rmd' failed with diagnostics:
    pandoc document conversion failed with error 6
    --- failed re-building ‘AdhereR-overview.Rmd’
    
    --- re-building ‘calling-AdhereR-from-python3.Rmd’ using rmarkdown
    dyld: lazy symbol binding failed: Symbol not found: ____chkstk_darwin
     Referenced from: /usr/local/bin/pandoc (which was built for Mac OS X 10.15)
     Expected in: /usr/lib/libSystem.B.dylib
    
    dyld: Symbol not found: ____chkstk_darwin
     Referenced from: /usr/local/bin/pandoc (which was built for Mac OS X 10.15)
     Expected in: /usr/lib/libSystem.B.dylib
    
    Error: processing vignette 'calling-AdhereR-from-python3.Rmd' failed with diagnostics:
    pandoc document conversion failed with error 6
    --- failed re-building ‘calling-AdhereR-from-python3.Rmd’
    
    --- re-building ‘adherer_with_databases.pdf.asis’ using asis
    --- finished re-building ‘adherer_with_databases.pdf.asis’
    
    SUMMARY: processing the following files failed:
     ‘AdhereR-overview.Rmd’ ‘calling-AdhereR-from-python3.Rmd’
    
    Error: Vignette re-building failed.
    Execution halted
Flavor: r-patched-osx-x86_64

Version: 0.5
Check: installed package size
Result: NOTE
     installed size is 5.2Mb
     sub-directories of 1Mb or more:
     doc 2.8Mb
Flavor: r-patched-solaris-x86