CRAN Package Check Results for Package AWR

Last updated on 2020-04-25 01:52:55 CEST.

Flavor Version Tinstall Tcheck Ttotal Status Flags
r-devel-linux-x86_64-debian-clang 1.11.189 4.36 24.91 29.27 OK
r-devel-linux-x86_64-debian-gcc 1.11.189 3.65 19.34 22.99 OK
r-devel-linux-x86_64-fedora-clang 1.11.189 36.72 NOTE
r-devel-linux-x86_64-fedora-gcc 1.11.189 36.59 OK
r-devel-windows-ix86+x86_64 1.11.189 27.00 45.00 72.00 NOTE
r-patched-linux-x86_64 1.11.189 4.36 24.14 28.50 OK
r-patched-osx-x86_64 1.11.189 NOTE
r-patched-solaris-x86 1.11.189 58.50 NOTE
r-release-linux-x86_64 1.11.189 3.94 22.31 26.25 OK
r-release-windows-ix86+x86_64 1.11.189 23.00 38.00 61.00 NOTE
r-release-osx-x86_64 1.11.189 NOTE
r-oldrel-windows-ix86+x86_64 1.11.189 25.00 41.00 66.00 NOTE
r-oldrel-osx-x86_64 1.11.189 NOTE

Check Details

Version: 1.11.189
Check: installed package size
Result: NOTE
     installed size is 67.2Mb
     sub-directories of 1Mb or more:
     java 67.2Mb
Flavors: r-devel-linux-x86_64-fedora-clang, r-devel-windows-ix86+x86_64, r-patched-osx-x86_64, r-patched-solaris-x86, r-release-windows-ix86+x86_64, r-release-osx-x86_64, r-oldrel-windows-ix86+x86_64, r-oldrel-osx-x86_64