CRAN Package Check Results for Package AWR.Athena

Last updated on 2020-04-25 01:52:55 CEST.

Flavor Version Tinstall Tcheck Ttotal Status Flags
r-devel-linux-x86_64-debian-clang 2.0.7-0 5.26 36.61 41.87 OK
r-devel-linux-x86_64-debian-gcc 2.0.7-0 3.60 28.57 32.17 OK
r-devel-linux-x86_64-fedora-clang 2.0.7-0 51.76 NOTE
r-devel-linux-x86_64-fedora-gcc 2.0.7-0 52.93 OK
r-devel-windows-ix86+x86_64 2.0.7-0 28.00 65.00 93.00 NOTE
r-patched-linux-x86_64 2.0.7-0 4.78 36.00 40.78 OK
r-patched-osx-x86_64 2.0.7-0 NOTE
r-patched-solaris-x86 2.0.7-0 89.20 NOTE
r-release-linux-x86_64 2.0.7-0 3.88 32.26 36.14 OK
r-release-windows-ix86+x86_64 2.0.7-0 26.00 46.00 72.00 NOTE
r-release-osx-x86_64 2.0.7-0 NOTE
r-oldrel-windows-ix86+x86_64 2.0.7-0 19.00 59.00 78.00 NOTE
r-oldrel-osx-x86_64 2.0.7-0 NOTE

Check Details

Version: 2.0.7-0
Check: installed package size
Result: NOTE
     installed size is 7.9Mb
     sub-directories of 1Mb or more:
     java 7.8Mb
Flavors: r-devel-linux-x86_64-fedora-clang, r-devel-windows-ix86+x86_64, r-patched-osx-x86_64, r-patched-solaris-x86, r-release-windows-ix86+x86_64, r-release-osx-x86_64, r-oldrel-windows-ix86+x86_64, r-oldrel-osx-x86_64