CRAN Package Check Results for Package ATmet

Last updated on 2020-04-25 01:52:55 CEST.

Flavor Version Tinstall Tcheck Ttotal Status Flags
r-devel-linux-x86_64-debian-clang 1.2 9.52 97.39 106.91 NOTE
r-devel-linux-x86_64-debian-gcc 1.2 8.24 72.73 80.97 NOTE
r-devel-linux-x86_64-fedora-clang 1.2 211.58 NOTE
r-devel-linux-x86_64-fedora-gcc 1.2 125.88 NOTE
r-devel-windows-ix86+x86_64 1.2 33.00 143.00 176.00 NOTE
r-patched-linux-x86_64 1.2 7.70 91.82 99.52 NOTE
r-patched-osx-x86_64 1.2 NOTE
r-patched-solaris-x86 1.2 192.60 NOTE
r-release-linux-x86_64 1.2 7.97 84.93 92.90 NOTE
r-release-windows-ix86+x86_64 1.2 24.00 353.00 377.00 NOTE
r-release-osx-x86_64 1.2 NOTE
r-oldrel-windows-ix86+x86_64 1.2 8.00 466.00 474.00 NOTE
r-oldrel-osx-x86_64 1.2 NOTE

Check Details

Version: 1.2
Check: R code for possible problems
Result: NOTE
    LHSdesign: no visible global function definition for 'qnorm'
    LHSdesign: no visible global function definition for 'qunif'
    LHSdesign: no visible global function definition for 'qt'
    MCdesign: no visible global function definition for 'rnorm'
    MCdesign: no visible global function definition for 'runif'
    MCdesign: no visible global function definition for 'rt'
    Undefined global functions or variables:
     qnorm qt qunif rnorm rt runif
    Consider adding
     importFrom("stats", "qnorm", "qt", "qunif", "rnorm", "rt", "runif")
    to your NAMESPACE file.
Flavors: r-devel-linux-x86_64-debian-clang, r-devel-linux-x86_64-debian-gcc, r-devel-linux-x86_64-fedora-clang, r-devel-linux-x86_64-fedora-gcc, r-devel-windows-ix86+x86_64, r-patched-linux-x86_64, r-patched-osx-x86_64, r-patched-solaris-x86, r-release-linux-x86_64, r-release-windows-ix86+x86_64, r-release-osx-x86_64, r-oldrel-windows-ix86+x86_64, r-oldrel-osx-x86_64