CRAN Package Check Results for Package AR1seg

Last updated on 2020-04-25 01:52:55 CEST.

Flavor Version Tinstall Tcheck Ttotal Status Flags
r-devel-linux-x86_64-debian-clang 1.0 2.28 23.31 25.59 NOTE
r-devel-linux-x86_64-debian-gcc 1.0 1.73 18.90 20.63 NOTE
r-devel-linux-x86_64-fedora-clang 1.0 32.75 NOTE
r-devel-linux-x86_64-fedora-gcc 1.0 31.58 NOTE
r-devel-windows-ix86+x86_64 1.0 7.00 51.00 58.00 NOTE
r-patched-linux-x86_64 1.0 2.24 23.17 25.41 NOTE
r-patched-osx-x86_64 1.0 NOTE
r-patched-solaris-x86 1.0 55.00 NOTE
r-release-linux-x86_64 1.0 1.73 21.29 23.02 NOTE
r-release-windows-ix86+x86_64 1.0 4.00 55.00 59.00 NOTE
r-release-osx-x86_64 1.0 NOTE
r-oldrel-windows-ix86+x86_64 1.0 2.00 32.00 34.00 NOTE
r-oldrel-osx-x86_64 1.0 NOTE

Check Details

Version: 1.0
Check: DESCRIPTION meta-information
Result: NOTE
    Malformed Description field: should contain one or more complete sentences.
Flavors: r-devel-linux-x86_64-debian-clang, r-devel-linux-x86_64-debian-gcc, r-devel-linux-x86_64-fedora-clang, r-devel-linux-x86_64-fedora-gcc, r-devel-windows-ix86+x86_64, r-patched-linux-x86_64, r-patched-osx-x86_64, r-patched-solaris-x86, r-release-linux-x86_64, r-release-windows-ix86+x86_64, r-release-osx-x86_64, r-oldrel-windows-ix86+x86_64, r-oldrel-osx-x86_64

Version: 1.0
Check: R code for possible problems
Result: NOTE
    AR1seg_func: no visible global function definition for 'median'
    Undefined global functions or variables:
     median
    Consider adding
     importFrom("stats", "median")
    to your NAMESPACE file.
Flavors: r-devel-linux-x86_64-debian-clang, r-devel-linux-x86_64-debian-gcc, r-devel-linux-x86_64-fedora-clang, r-devel-linux-x86_64-fedora-gcc, r-devel-windows-ix86+x86_64, r-patched-linux-x86_64, r-patched-osx-x86_64, r-patched-solaris-x86, r-release-linux-x86_64, r-release-windows-ix86+x86_64, r-release-osx-x86_64, r-oldrel-windows-ix86+x86_64, r-oldrel-osx-x86_64