CRAN Package Check Results for Package ANN2

Last updated on 2020-04-25 01:52:55 CEST.

Flavor Version Tinstall Tcheck Ttotal Status Flags
r-devel-linux-x86_64-debian-clang 2.3.3 484.53 62.44 546.97 OK
r-devel-linux-x86_64-debian-gcc 2.3.3 332.96 55.78 388.74 OK
r-devel-linux-x86_64-fedora-clang 2.3.3 923.37 NOTE
r-devel-linux-x86_64-fedora-gcc 2.3.3 697.81 OK
r-devel-windows-ix86+x86_64 2.3.3 960.00 159.00 1119.00 NOTE
r-patched-linux-x86_64 2.3.3 365.20 62.18 427.38 OK
r-patched-osx-x86_64 2.3.3 NOTE
r-patched-solaris-x86 2.3.3 498.90 OK
r-release-linux-x86_64 2.3.3 360.60 56.53 417.13 OK
r-release-windows-ix86+x86_64 2.3.3 892.00 171.00 1063.00 NOTE
r-release-osx-x86_64 2.3.3 NOTE
r-oldrel-windows-ix86+x86_64 2.3.3 680.00 112.00 792.00 NOTE
r-oldrel-osx-x86_64 2.3.3 NOTE

Check Details

Version: 2.3.3
Check: installed package size
Result: NOTE
     installed size is 63.6Mb
     sub-directories of 1Mb or more:
     cereal 1.4Mb
     libs 62.0Mb
Flavors: r-devel-linux-x86_64-fedora-clang, r-devel-windows-ix86+x86_64, r-patched-osx-x86_64, r-release-windows-ix86+x86_64, r-release-osx-x86_64, r-oldrel-windows-ix86+x86_64, r-oldrel-osx-x86_64