CRAN Package Check Results for Package AGread

Last updated on 2020-04-25 01:52:54 CEST.

Flavor Version Tinstall Tcheck Ttotal Status Flags
r-devel-linux-x86_64-debian-clang 1.1.1 114.32 56.17 170.49 OK
r-devel-linux-x86_64-debian-gcc 1.1.1 65.14 43.71 108.85 OK
r-devel-linux-x86_64-fedora-clang 1.1.1 240.84 NOTE
r-devel-linux-x86_64-fedora-gcc 1.1.1 209.58 OK
r-devel-windows-ix86+x86_64 1.1.1 312.00 146.00 458.00 OK
r-patched-linux-x86_64 1.1.1 85.64 55.63 141.27 OK
r-patched-osx-x86_64 1.1.1 ERROR
r-patched-solaris-x86 1.1.1 225.10 OK
r-release-linux-x86_64 1.1.1 72.28 51.75 124.03 OK
r-release-windows-ix86+x86_64 1.1.1 262.00 150.00 412.00 OK
r-release-osx-x86_64 1.1.1 OK
r-oldrel-windows-ix86+x86_64 1.1.1 145.00 108.00 253.00 OK
r-oldrel-osx-x86_64 1.1.1 OK

Additional issues

clang-UBSAN

Check Details

Version: 1.1.1
Check: installed package size
Result: NOTE
     installed size is 6.0Mb
     sub-directories of 1Mb or more:
     libs 4.6Mb
Flavor: r-devel-linux-x86_64-fedora-clang

Version: 1.1.1
Check: whether package can be installed
Result: ERROR
    Installation failed.
Flavor: r-patched-osx-x86_64