CRAN Package Check Results for Package AER

Last updated on 2020-04-25 01:52:54 CEST.

Flavor Version Tinstall Tcheck Ttotal Status Flags
r-devel-linux-x86_64-debian-clang 1.2-9 12.85 286.19 299.04 OK
r-devel-linux-x86_64-debian-gcc 1.2-9 8.55 217.90 226.45 NOTE
r-devel-linux-x86_64-fedora-clang 1.2-9 361.57 OK
r-devel-linux-x86_64-fedora-gcc 1.2-9 359.84 OK
r-devel-windows-ix86+x86_64 1.2-9 42.00 456.00 498.00 OK
r-patched-linux-x86_64 1.2-9 12.44 276.98 289.42 OK
r-patched-osx-x86_64 1.2-9 OK
r-patched-solaris-x86 1.2-9 571.70 OK
r-release-linux-x86_64 1.2-9 12.23 258.32 270.55 OK
r-release-windows-ix86+x86_64 1.2-9 30.00 322.00 352.00 OK
r-release-osx-x86_64 1.2-9 OK
r-oldrel-windows-ix86+x86_64 1.2-9 12.00 392.00 404.00 OK
r-oldrel-osx-x86_64 1.2-9 OK

Check Details

Version: 1.2-9
Check: contents of ‘data’ directory
Result: NOTE
    Output for data("CPSSW8", package = "AER"):
     Terminated
Flavor: r-devel-linux-x86_64-debian-gcc