Last updated on 2020-04-25 01:52:54 CEST.
Flavor | Version | Tinstall | Tcheck | Ttotal | Status | Flags |
---|---|---|---|---|---|---|
r-devel-linux-x86_64-debian-clang | 0.9.26 | 4.09 | 77.27 | 81.36 | OK | |
r-devel-linux-x86_64-debian-gcc | 0.9.26 | 3.62 | 58.70 | 62.32 | OK | |
r-devel-linux-x86_64-fedora-clang | 0.9.26 | 99.04 | OK | |||
r-devel-linux-x86_64-fedora-gcc | 0.9.26 | 99.41 | OK | |||
r-devel-windows-ix86+x86_64 | 0.9.26 | 26.00 | 121.00 | 147.00 | OK | |
r-patched-linux-x86_64 | 0.9.26 | 4.77 | 75.99 | 80.76 | OK | |
r-patched-osx-x86_64 | 0.9.26 | ERROR | ||||
r-patched-solaris-x86 | 0.9.26 | 142.30 | OK | |||
r-release-linux-x86_64 | 0.9.26 | 2.50 | 69.57 | 72.07 | OK | |
r-release-windows-ix86+x86_64 | 0.9.26 | 13.00 | 89.00 | 102.00 | OK | |
r-release-osx-x86_64 | 0.9.26 | ERROR | ||||
r-oldrel-windows-ix86+x86_64 | 0.9.26 | 7.00 | 127.00 | 134.00 | OK | |
r-oldrel-osx-x86_64 | 0.9.26 | ERROR |
Version: 0.9.26
Check: package dependencies
Result: ERROR
Package required but not available: ‘DeconRNASeq’
See section ‘The DESCRIPTION file’ in the ‘Writing R Extensions’
manual.
Flavors: r-patched-osx-x86_64, r-oldrel-osx-x86_64
Version: 0.9.26
Check: package dependencies
Result: ERROR
Packages required but not available: 'WGCNA', 'DeconRNASeq'
See section ‘The DESCRIPTION file’ in the ‘Writing R Extensions’
manual.
Flavor: r-release-osx-x86_64