Last updated on 2020-04-25 01:52:54 CEST.
Flavor | Version | Tinstall | Tcheck | Ttotal | Status | Flags |
---|---|---|---|---|---|---|
r-devel-linux-x86_64-debian-clang | 1.8.0 | 91.57 | 42.01 | 133.58 | OK | |
r-devel-linux-x86_64-debian-gcc | 1.8.0 | 58.69 | 33.25 | 91.94 | OK | |
r-devel-linux-x86_64-fedora-clang | 1.8.0 | 185.10 | NOTE | |||
r-devel-linux-x86_64-fedora-gcc | 1.8.0 | 163.75 | OK | |||
r-devel-windows-ix86+x86_64 | 1.8.0 | 194.00 | 109.00 | 303.00 | OK | |
r-patched-linux-x86_64 | 1.8.0 | 69.84 | 41.16 | 111.00 | OK | |
r-patched-osx-x86_64 | 1.8.0 | NOTE | ||||
r-patched-solaris-x86 | 1.8.0 | 176.70 | OK | |||
r-release-linux-x86_64 | 1.8.0 | 65.21 | 38.37 | 103.58 | OK | |
r-release-windows-ix86+x86_64 | 1.8.0 | 176.00 | 69.00 | 245.00 | OK | |
r-release-osx-x86_64 | 1.8.0 | OK | ||||
r-oldrel-windows-ix86+x86_64 | 1.8.0 | 109.00 | 88.00 | 197.00 | OK | |
r-oldrel-osx-x86_64 | 1.8.0 | OK |
Version: 1.8.0
Check: installed package size
Result: NOTE
installed size is 6.8Mb
sub-directories of 1Mb or more:
libs 6.5Mb
Flavors: r-devel-linux-x86_64-fedora-clang, r-patched-osx-x86_64